CRAN Package Check Results for Package QCAtools

Last updated on 2024-04-16 14:49:34 CEST.

Flavor Version Tinstall Tcheck Ttotal Status Flags
r-devel-linux-x86_64-debian-clang 0.2.3 6.95 57.66 64.61 NOTE
r-devel-linux-x86_64-debian-gcc 0.2.3 4.86 43.21 48.07 NOTE
r-devel-linux-x86_64-fedora-clang 0.2.3 80.54 NOTE
r-devel-linux-x86_64-fedora-gcc 0.2.3 74.59 NOTE
r-prerel-macos-arm64 0.2.3 28.00 NOTE
r-prerel-windows-x86_64 0.2.3 7.00 60.00 67.00 NOTE
r-patched-linux-x86_64 0.2.3 6.04 54.50 60.54 NOTE
r-release-linux-x86_64 0.2.3 4.32 53.70 58.02 NOTE
r-release-macos-arm64 0.2.3 28.00 NOTE
r-release-macos-x86_64 0.2.3 38.00 NOTE
r-release-windows-x86_64 0.2.3 9.00 68.00 77.00 NOTE
r-oldrel-macos-arm64 0.2.3 25.00 NOTE
r-oldrel-windows-x86_64 0.2.3 10.00 73.00 83.00 NOTE

Check Details

Version: 0.2.3
Check: LazyData
Result: NOTE 'LazyData' is specified without a 'data' directory Flavors: r-devel-linux-x86_64-debian-clang, r-devel-linux-x86_64-debian-gcc, r-devel-linux-x86_64-fedora-clang, r-devel-linux-x86_64-fedora-gcc, r-prerel-macos-arm64, r-prerel-windows-x86_64, r-patched-linux-x86_64, r-release-linux-x86_64, r-release-macos-arm64, r-release-macos-x86_64, r-release-windows-x86_64, r-oldrel-macos-arm64, r-oldrel-windows-x86_64