Last updated on 2023-12-08 14:50:41 CET.
Flavor | Version | Tinstall | Tcheck | Ttotal | Status | Flags |
---|---|---|---|---|---|---|
r-devel-linux-x86_64-debian-clang | 3.21 | 18.90 | 94.59 | 113.49 | OK | |
r-devel-linux-x86_64-debian-gcc | 3.21 | 15.77 | 70.88 | 86.65 | OK | |
r-devel-linux-x86_64-fedora-clang | 3.21 | 140.09 | NOTE | |||
r-devel-linux-x86_64-fedora-gcc | 3.21 | 137.99 | OK | |||
r-devel-windows-x86_64 | 3.21 | 24.00 | 89.00 | 113.00 | NOTE | |
r-patched-linux-x86_64 | 3.21 | 27.10 | 93.49 | 120.59 | OK | |
r-release-linux-x86_64 | 3.21 | 21.32 | 91.07 | 112.39 | OK | |
r-release-macos-arm64 | 3.21 | 44.00 | NOTE | |||
r-release-macos-x86_64 | 3.21 | 104.00 | NOTE | |||
r-release-windows-x86_64 | 3.21 | 30.00 | 111.00 | 141.00 | NOTE | |
r-oldrel-macos-arm64 | 3.21 | 48.00 | NOTE | |||
r-oldrel-macos-x86_64 | 3.21 | 64.00 | NOTE | |||
r-oldrel-windows-x86_64 | 3.21 | 29.00 | 106.00 | 135.00 | NOTE |
Version: 3.21
Check: installed package size
Result: NOTE
installed size is 5.8Mb
sub-directories of 1Mb or more:
gui 1.7Mb
staticdocs 3.3Mb
Flavors: r-devel-linux-x86_64-fedora-clang, r-devel-windows-x86_64, r-release-macos-arm64, r-release-macos-x86_64, r-release-windows-x86_64, r-oldrel-macos-arm64, r-oldrel-macos-x86_64, r-oldrel-windows-x86_64