CRAN Package Check Results for Package QCA

Last updated on 2022-06-28 15:53:25 CEST.

Flavor Version Tinstall Tcheck Ttotal Status Flags
r-devel-linux-x86_64-debian-clang 3.16 50.37 89.86 140.23 OK
r-devel-linux-x86_64-debian-gcc 3.16 43.33 66.13 109.46 OK
r-devel-linux-x86_64-fedora-clang 3.16 181.98 NOTE
r-devel-linux-x86_64-fedora-gcc 3.16 193.21 OK
r-devel-windows-x86_64 3.16 178.00 119.00 297.00 NOTE
r-patched-linux-x86_64 3.16 47.32 84.41 131.73 OK
r-release-linux-x86_64 3.16 46.73 83.51 130.24 OK
r-release-macos-arm64 3.16 42.00 NOTE
r-release-macos-x86_64 3.16 85.00 NOTE
r-release-windows-x86_64 3.16 186.00 122.00 308.00 NOTE
r-oldrel-macos-arm64 3.16 42.00 NOTE
r-oldrel-macos-x86_64 3.16 77.00 NOTE
r-oldrel-windows-ix86+x86_64 3.16 201.00 149.00 350.00 NOTE

Check Details

Version: 3.16
Check: installed package size
Result: NOTE
     installed size is 8.1Mb
     sub-directories of 1Mb or more:
     gui 1.7Mb
     libs 2.5Mb
     staticdocs 3.3Mb
Flavors: r-devel-linux-x86_64-fedora-clang, r-devel-windows-x86_64, r-release-macos-arm64, r-release-macos-x86_64, r-release-windows-x86_64, r-oldrel-macos-arm64, r-oldrel-macos-x86_64, r-oldrel-windows-ix86+x86_64