CRAN Package Check Results for Package PupillometryR

Last updated on 2021-12-03 00:48:52 CET.

Flavor Version Tinstall Tcheck Ttotal Status Flags
r-devel-linux-x86_64-debian-clang 0.0.4 6.61 147.63 154.24 OK
r-devel-linux-x86_64-debian-gcc 0.0.4 4.29 103.63 107.92 OK
r-devel-linux-x86_64-fedora-clang 0.0.4 191.31 NOTE
r-devel-linux-x86_64-fedora-gcc 0.0.4 175.14 NOTE
r-devel-windows-x86_64-new-UL 0.0.4 17.00 201.00 218.00 OK
r-devel-windows-x86_64-new-TK 0.0.4 NOTE
r-devel-windows-x86_64-old 0.0.4 12.00 138.00 150.00 OK
r-patched-linux-x86_64 0.0.4 7.20 136.30 143.50 OK
r-patched-solaris-x86 0.0.4 156.00 NOTE
r-release-linux-x86_64 0.0.4 6.70 135.21 141.91 OK
r-release-macos-arm64 0.0.4 NOTE
r-release-macos-x86_64 0.0.4 NOTE
r-release-windows-ix86+x86_64 0.0.4 16.00 182.00 198.00 OK
r-oldrel-macos-x86_64 0.0.4 NOTE
r-oldrel-windows-ix86+x86_64 0.0.4 16.00 190.00 206.00 OK

Check Details

Version: 0.0.4
Check: dependencies in R code
Result: NOTE
    Namespaces in Imports field not imported from:
     ‘data.table’ ‘itsadug’ ‘lazyeval’ ‘mgcv’
     All declared Imports should be used.
Flavors: r-devel-linux-x86_64-fedora-clang, r-devel-linux-x86_64-fedora-gcc, r-devel-windows-x86_64-new-TK, r-patched-solaris-x86, r-release-macos-arm64, r-release-macos-x86_64, r-oldrel-macos-x86_64