CRAN Package Check Results for Package PublicationBias

Last updated on 2020-06-01 06:48:34 CEST.

Flavor Version Tinstall Tcheck Ttotal Status Flags
r-devel-linux-x86_64-debian-clang 2.0.0 9.72 78.15 87.87 OK
r-devel-linux-x86_64-debian-gcc 2.0.0 7.84 59.64 67.48 OK
r-devel-linux-x86_64-fedora-clang 2.0.0 110.51 NOTE
r-devel-linux-x86_64-fedora-gcc 2.0.0 105.02 NOTE
r-devel-windows-ix86+x86_64 2.0.0 30.00 143.00 173.00 OK
r-patched-linux-x86_64 2.0.0 10.03 79.30 89.33 OK
r-patched-solaris-x86 2.0.0 158.90 NOTE
r-release-linux-x86_64 2.0.0 10.08 75.43 85.51 OK
r-release-osx-x86_64 2.0.0 NOTE
r-release-windows-ix86+x86_64 2.0.0 21.00 114.00 135.00 OK
r-oldrel-osx-x86_64 2.0.0 NOTE
r-oldrel-windows-ix86+x86_64 2.0.0 17.00 87.00 104.00 OK

Check Details

Version: 2.0.0
Check: dependencies in R code
Result: NOTE
    Namespace in Imports field not imported from: ‘Rdpack’
     All declared Imports should be used.
Flavors: r-devel-linux-x86_64-fedora-clang, r-devel-linux-x86_64-fedora-gcc, r-patched-solaris-x86, r-release-osx-x86_64, r-oldrel-osx-x86_64