CRAN Package Check Results for Package PublicationBias

Last updated on 2019-09-21 19:47:02 CEST.

Flavor Version Tinstall Tcheck Ttotal Status Flags
r-devel-linux-x86_64-debian-clang 1.0.0 7.90 69.43 77.33 OK
r-devel-linux-x86_64-debian-gcc 1.0.0 7.53 55.51 63.04 OK
r-devel-linux-x86_64-fedora-clang 1.0.0 93.42 NOTE
r-devel-linux-x86_64-fedora-gcc 1.0.0 92.07 NOTE
r-devel-windows-ix86+x86_64 1.0.0 31.00 110.00 141.00 OK
r-patched-linux-x86_64 1.0.0 7.08 68.53 75.61 OK
r-patched-solaris-x86 1.0.0 147.00 NOTE
r-release-linux-x86_64 1.0.0 7.18 68.61 75.79 OK
r-release-windows-ix86+x86_64 1.0.0 17.00 76.00 93.00 OK
r-release-osx-x86_64 1.0.0 NOTE
r-oldrel-windows-ix86+x86_64 1.0.0 9.00 74.00 83.00 OK
r-oldrel-osx-x86_64 1.0.0 NOTE

Check Details

Version: 1.0.0
Check: dependencies in R code
Result: NOTE
    Namespace in Imports field not imported from: ‘Rdpack’
     All declared Imports should be used.
Flavors: r-devel-linux-x86_64-fedora-clang, r-devel-linux-x86_64-fedora-gcc, r-patched-solaris-x86, r-release-osx-x86_64, r-oldrel-osx-x86_64