CRAN Package Check Results for Package ProjectionBasedClustering

Last updated on 2024-06-14 00:53:54 CEST.

Flavor Version Tinstall Tcheck Ttotal Status Flags
r-devel-linux-x86_64-debian-clang 1.2.1 228.97 97.75 326.72 OK
r-devel-linux-x86_64-debian-gcc 1.2.1 0.48 1.60 2.08 ERROR
r-devel-linux-x86_64-fedora-clang 1.2.1 473.60 OK
r-devel-linux-x86_64-fedora-gcc 1.2.1 427.06 OK
r-devel-windows-x86_64 1.2.1 150.00 110.00 260.00 OK
r-patched-linux-x86_64 1.2.1 156.89 94.25 251.14 OK
r-release-linux-x86_64 1.2.1 115.59 97.10 212.69 OK
r-release-macos-arm64 1.2.1 78.00 OK
r-release-macos-x86_64 1.2.1 92.00 OK
r-release-windows-x86_64 1.2.1 159.00 113.00 272.00 OK
r-oldrel-macos-arm64 1.2.1 80.00 OK
r-oldrel-macos-x86_64 1.2.1 115.00 OK
r-oldrel-windows-x86_64 1.2.1 194.00 139.00 333.00 OK

Check Details

Version: 1.2.1
Check: package dependencies
Result: ERROR Packages required but not available: 'ggplot2', 'GeneralizedUmatrix', 'plotly' Packages suggested but not available for checking: 'DataVisualizations', 'reshape2', 'dendextend', 'DatabionicSwarm' See section ‘The DESCRIPTION file’ in the ‘Writing R Extensions’ manual. Flavor: r-devel-linux-x86_64-debian-gcc