CRAN Package Check Results for Package ProbReco

Last updated on 2020-10-31 20:47:30 CET.

Flavor Version Tinstall Tcheck Ttotal Status Flags
r-devel-linux-x86_64-debian-clang 0.1.0.1 51.72 69.41 121.13 OK
r-devel-linux-x86_64-debian-gcc 0.1.0.1 50.43 55.39 105.82 OK
r-devel-linux-x86_64-fedora-clang 0.1.0.1 170.20 NOTE
r-devel-linux-x86_64-fedora-gcc 0.1.0.1 195.36 NOTE
r-devel-windows-ix86+x86_64 0.1.0.1 148.00 138.00 286.00 OK
r-patched-linux-x86_64 0.1.0.1 59.85 71.47 131.32 OK
r-patched-solaris-x86 0.1.0.1 178.10 NOTE
r-release-linux-x86_64 0.1.0.1 56.34 71.03 127.37 OK
r-release-macos-x86_64 0.1.0.1 NOTE
r-release-windows-ix86+x86_64 0.1.0.1 112.00 128.00 240.00 OK
r-oldrel-macos-x86_64 0.1.0.1 NOTE
r-oldrel-windows-ix86+x86_64 0.1.0.1 136.00 94.00 230.00 OK

Check Details

Version: 0.1.0.1
Check: installed package size
Result: NOTE
     installed size is 12.2Mb
     sub-directories of 1Mb or more:
     libs 11.8Mb
Flavors: r-devel-linux-x86_64-fedora-clang, r-release-macos-x86_64, r-oldrel-macos-x86_64

Version: 0.1.0.1
Check: dependencies in R code
Result: NOTE
    Namespace in Imports field not imported from: ‘Rdpack’
     All declared Imports should be used.
Flavors: r-devel-linux-x86_64-fedora-clang, r-devel-linux-x86_64-fedora-gcc, r-patched-solaris-x86, r-release-macos-x86_64, r-oldrel-macos-x86_64