CRAN Package Check Results for Package PriorCD

Last updated on 2020-07-10 01:49:09 CEST.

Flavor Version Tinstall Tcheck Ttotal Status Flags
r-devel-linux-x86_64-debian-clang 0.1.0 5.08 43.27 48.35 NOTE
r-devel-linux-x86_64-debian-gcc 0.1.0 4.31 33.55 37.86 NOTE
r-devel-linux-x86_64-fedora-clang 0.1.0 66.23 NOTE
r-devel-linux-x86_64-fedora-gcc 0.1.0 57.43 NOTE
r-devel-windows-ix86+x86_64 0.1.0 13.00 74.00 87.00 NOTE
r-patched-linux-x86_64 0.1.0 5.26 43.52 48.78 NOTE
r-patched-solaris-x86 0.1.0 99.00 NOTE
r-release-linux-x86_64 0.1.0 5.19 42.57 47.76 NOTE
r-release-osx-x86_64 0.1.0 OK
r-release-windows-ix86+x86_64 0.1.0 13.00 53.00 66.00 NOTE
r-oldrel-osx-x86_64 0.1.0 OK
r-oldrel-windows-ix86+x86_64 0.1.0 14.00 52.00 66.00 OK

Check Details

Version: 0.1.0
Check: package vignettes
Result: NOTE
    Package vignette with placeholder title 'Vignette Title':
     'priorcd.Rmd'
Flavors: r-devel-linux-x86_64-debian-clang, r-devel-linux-x86_64-debian-gcc, r-devel-windows-ix86+x86_64, r-patched-linux-x86_64, r-release-linux-x86_64, r-release-windows-ix86+x86_64

Version: 0.1.0
Check: for non-standard things in the check directory
Result: NOTE
    Found the following files/directories:
     'network.html' 'network_files'
Flavors: r-devel-linux-x86_64-debian-clang, r-devel-linux-x86_64-debian-gcc, r-devel-linux-x86_64-fedora-clang, r-devel-linux-x86_64-fedora-gcc, r-patched-linux-x86_64, r-patched-solaris-x86, r-release-linux-x86_64