CRAN Package Check Results for Package PriorCD

Last updated on 2019-12-14 05:47:40 CET.

Flavor Version Tinstall Tcheck Ttotal Status Flags
r-devel-linux-x86_64-debian-clang 0.1.0 5.16 43.34 48.50 NOTE
r-devel-linux-x86_64-debian-gcc 0.1.0 4.87 34.57 39.44 NOTE
r-devel-linux-x86_64-fedora-clang 0.1.0 60.95 NOTE
r-devel-linux-x86_64-fedora-gcc 0.1.0 61.58 NOTE
r-devel-windows-ix86+x86_64 0.1.0 13.00 61.00 74.00 NOTE
r-devel-windows-ix86+x86_64-gcc8 0.1.0 13.00 87.00 100.00 NOTE
r-patched-linux-x86_64 0.1.0 4.17 39.88 44.05 OK
r-patched-solaris-x86 0.1.0 92.00 OK
r-release-linux-x86_64 0.1.0 4.34 39.11 43.45 OK
r-release-windows-ix86+x86_64 0.1.0 10.00 64.00 74.00 OK
r-release-osx-x86_64 0.1.0 OK
r-oldrel-windows-ix86+x86_64 0.1.0 7.00 56.00 63.00 OK
r-oldrel-osx-x86_64 0.1.0 OK

Check Details

Version: 0.1.0
Check: package vignettes
Result: NOTE
    Package vignette with placeholder title 'Vignette Title':
     'priorcd.Rmd'
Flavors: r-devel-linux-x86_64-debian-clang, r-devel-linux-x86_64-debian-gcc, r-devel-windows-ix86+x86_64, r-devel-windows-ix86+x86_64-gcc8

Version: 0.1.0
Check: for non-standard things in the check directory
Result: NOTE
    Found the following files/directories:
     'network.html' 'network_files'
Flavors: r-devel-linux-x86_64-debian-clang, r-devel-linux-x86_64-debian-gcc, r-devel-linux-x86_64-fedora-clang, r-devel-linux-x86_64-fedora-gcc