CRAN Package Check Results for Package PrevMap

Last updated on 2022-01-27 20:50:01 CET.

Flavor Version Tinstall Tcheck Ttotal Status Flags
r-devel-linux-x86_64-debian-clang 1.5.4 50.09 369.24 419.33 NOTE
r-devel-linux-x86_64-debian-gcc 1.5.4 44.95 276.64 321.59 NOTE
r-devel-linux-x86_64-fedora-clang 1.5.4 479.54 OK
r-devel-linux-x86_64-fedora-gcc 1.5.4 503.63 OK
r-devel-windows-x86_64-new-UL 1.5.4 101.00 325.00 426.00 NOTE
r-devel-windows-x86_64-new-TK 1.5.4 ERROR
r-patched-linux-x86_64 1.5.4 51.39 343.87 395.26 NOTE
r-release-linux-x86_64 1.5.4 46.95 336.91 383.86 NOTE
r-release-macos-arm64 1.5.4 NOTE
r-release-macos-x86_64 1.5.4 NOTE
r-release-windows-ix86+x86_64 1.5.4 96.00 342.00 438.00 OK
r-oldrel-macos-x86_64 1.5.4 NOTE
r-oldrel-windows-ix86+x86_64 1.5.4 97.00 351.00 448.00 OK

Check Details

Version: 1.5.4
Check: package dependencies
Result: NOTE
    Package suggested but not available for checking: 'INLA'
Flavors: r-devel-linux-x86_64-debian-clang, r-devel-linux-x86_64-debian-gcc, r-devel-windows-x86_64-new-UL, r-patched-linux-x86_64, r-release-linux-x86_64, r-release-macos-arm64, r-release-macos-x86_64, r-oldrel-macos-x86_64

Version: 1.5.4
Check: package dependencies
Result: ERROR
    Package required but not available: 'lme4'
    
    Package suggested but not available for checking: 'INLA'
    
    See section 'The DESCRIPTION file' in the 'Writing R Extensions'
    manual.
Flavor: r-devel-windows-x86_64-new-TK