CRAN Package Check Results for Package PressPurt

Last updated on 2024-06-20 11:50:30 CEST.

Flavor Version Tinstall Tcheck Ttotal Status Flags
r-devel-linux-x86_64-debian-clang 1.0.2 12.52 100.71 113.23 NOTE
r-devel-linux-x86_64-debian-gcc 1.0.2 8.54 74.70 83.24 NOTE
r-devel-linux-x86_64-fedora-clang 1.0.2 149.07 NOTE
r-devel-linux-x86_64-fedora-gcc 1.0.2 157.41 NOTE
r-devel-windows-x86_64 1.0.2 10.00 91.00 101.00 NOTE
r-patched-linux-x86_64 1.0.2 9.68 95.92 105.60 NOTE
r-release-linux-x86_64 1.0.2 10.89 98.12 109.01 NOTE
r-release-macos-arm64 1.0.2 45.00 NOTE
r-release-macos-x86_64 1.0.2 71.00 NOTE
r-release-windows-x86_64 1.0.2 10.00 94.00 104.00 NOTE
r-oldrel-macos-arm64 1.0.2 56.00 NOTE
r-oldrel-macos-x86_64 1.0.2 82.00 NOTE
r-oldrel-windows-x86_64 1.0.2 13.00 112.00 125.00 NOTE

Check Details

Version: 1.0.2
Check: LazyData
Result: NOTE 'LazyData' is specified without a 'data' directory Flavors: r-devel-linux-x86_64-debian-clang, r-devel-linux-x86_64-debian-gcc, r-devel-linux-x86_64-fedora-clang, r-devel-linux-x86_64-fedora-gcc, r-devel-windows-x86_64, r-patched-linux-x86_64, r-release-linux-x86_64, r-release-macos-arm64, r-release-macos-x86_64, r-release-windows-x86_64, r-oldrel-macos-arm64, r-oldrel-macos-x86_64, r-oldrel-windows-x86_64