CRAN Package Check Results for Package PracticalEquiDesign

Last updated on 2022-05-24 15:52:54 CEST.

Flavor Version Tinstall Tcheck Ttotal Status Flags
r-devel-linux-x86_64-debian-clang 0.0.3 2.35 38.71 41.06 OK
r-devel-linux-x86_64-debian-gcc 0.0.3 1.93 30.14 32.07 OK
r-devel-linux-x86_64-fedora-clang 0.0.3 50.76 NOTE
r-devel-linux-x86_64-fedora-gcc 0.0.3 49.90 NOTE
r-devel-windows-x86_64 0.0.3 19.00 59.00 78.00 OK
r-patched-linux-x86_64 0.0.3 2.16 37.49 39.65 OK
r-release-linux-x86_64 0.0.3 OK
r-release-macos-arm64 0.0.3 18.00 NOTE
r-release-macos-x86_64 0.0.3 33.00 NOTE
r-release-windows-x86_64 0.0.3 24.00 58.00 82.00 OK
r-oldrel-macos-arm64 0.0.3 20.00 NOTE
r-oldrel-macos-x86_64 0.0.3 26.00 NOTE
r-oldrel-windows-ix86+x86_64 0.0.3 7.00 50.00 57.00 OK

Check Details

Version: 0.0.3
Check: dependencies in R code
Result: NOTE
    Namespaces in Imports field not imported from:
     ‘dplyr’ ‘methods’ ‘numDeriv’ ‘tidyr’
     All declared Imports should be used.
Flavors: r-devel-linux-x86_64-fedora-clang, r-devel-linux-x86_64-fedora-gcc, r-release-macos-arm64, r-release-macos-x86_64, r-oldrel-macos-arm64, r-oldrel-macos-x86_64