CRAN Package Check Results for Package Power2Stage

Last updated on 2018-12-17 05:48:54 CET.

Flavor Version Tinstall Tcheck Ttotal Status Flags
r-devel-linux-x86_64-debian-clang 0.5-1 9.81 2.11 11.92 ERROR
r-devel-linux-x86_64-debian-gcc 0.5-1 7.70 2.31 10.01 ERROR
r-devel-linux-x86_64-fedora-clang 0.5-1 93.50 OK
r-devel-linux-x86_64-fedora-gcc 0.5-1 88.09 OK
r-devel-windows-ix86+x86_64 0.5-1 15.00 105.00 120.00 OK
r-patched-linux-x86_64 0.5-1 7.10 65.53 72.63 OK
r-patched-solaris-x86 0.5-1 112.20 OK
r-release-linux-x86_64 0.5-1 10.76 64.00 74.76 OK
r-release-windows-ix86+x86_64 0.5-1 12.00 76.00 88.00 OK
r-release-osx-x86_64 0.5-1 OK
r-oldrel-windows-ix86+x86_64 0.5-1 15.00 102.00 117.00 OK
r-oldrel-osx-x86_64 0.5-1 OK

Check Details

Version: 0.5-1
Check: whether the package can be loaded
Result: ERROR
    Loading this package had a fatal error status code 1
    Loading log:
    Error: package or namespace load failed for ‘Power2Stage’ in dyn.load(file, DLLpath = DLLpath, ...):
     unable to load shared object ‘/home/hornik/tmp/R.check/r-devel-clang/Work/build/Packages/mvtnorm/libs/mvtnorm.so’:
     /home/hornik/tmp/R.check/r-devel-clang/Work/build/Packages/mvtnorm/libs/mvtnorm.so: failed to map segment from shared object
    Execution halted
Flavor: r-devel-linux-x86_64-debian-clang

Version: 0.5-1
Check: whether the package can be loaded
Result: ERROR
    Loading this package had a fatal error status code 1
    Loading log:
    Error: package or namespace load failed for ‘Power2Stage’ in dyn.load(file, DLLpath = DLLpath, ...):
     unable to load shared object ‘/home/hornik/tmp/R.check/r-devel-gcc/Work/build/Packages/mvtnorm/libs/mvtnorm.so’:
     /home/hornik/tmp/R.check/r-devel-gcc/Work/build/Packages/mvtnorm/libs/mvtnorm.so: failed to map segment from shared object
    Execution halted
Flavor: r-devel-linux-x86_64-debian-gcc