CRAN Package Check Results for Package PosteriorBootstrap

Last updated on 2019-12-14 03:49:07 CET.

Flavor Version Tinstall Tcheck Ttotal Status Flags
r-devel-linux-x86_64-debian-clang 0.1.0 3.69 567.19 570.88 OK
r-devel-linux-x86_64-debian-gcc 0.1.0 3.17 415.61 418.78 OK
r-devel-linux-x86_64-fedora-clang 0.1.0 667.91 NOTE
r-devel-linux-x86_64-fedora-gcc 0.1.0 716.94 NOTE
r-devel-windows-ix86+x86_64 0.1.0 7.00 43.00 50.00 OK
r-devel-windows-ix86+x86_64-gcc8 0.1.0 8.00 59.00 67.00 OK
r-patched-linux-x86_64 0.1.0 2.93 546.03 548.96 OK
r-patched-solaris-x86 0.1.0 1245.20 NOTE
r-release-linux-x86_64 0.1.0 2.62 555.73 558.35 OK
r-release-windows-ix86+x86_64 0.1.0 8.00 55.00 63.00 OK
r-release-osx-x86_64 0.1.0 NOTE
r-oldrel-windows-ix86+x86_64 0.1.0 5.00 44.00 49.00 OK
r-oldrel-osx-x86_64 0.1.0 NOTE

Check Details

Version: 0.1.0
Check: dependencies in R code
Result: NOTE
    Namespaces in Imports field not imported from:
     ‘Rcpp’ ‘StanHeaders’ ‘dplyr’ ‘ggplot2’ ‘gridExtra’ ‘rstan’ ‘tibble’
     All declared Imports should be used.
Flavors: r-devel-linux-x86_64-fedora-clang, r-devel-linux-x86_64-fedora-gcc, r-patched-solaris-x86, r-release-osx-x86_64, r-oldrel-osx-x86_64