CRAN Package Check Results for Package PosteriorBootstrap

Last updated on 2020-07-04 18:49:03 CEST.

Flavor Version Tinstall Tcheck Ttotal Status Flags
r-devel-linux-x86_64-debian-clang 0.1.0 4.23 594.22 598.45 OK
r-devel-linux-x86_64-debian-gcc 0.1.0 3.54 441.28 444.82 OK
r-devel-linux-x86_64-fedora-clang 0.1.0 712.06 NOTE
r-devel-linux-x86_64-fedora-gcc 0.1.0 716.87 NOTE
r-devel-windows-ix86+x86_64 0.1.0 20.00 62.00 82.00 OK
r-patched-linux-x86_64 0.1.0 2.67 576.75 579.42 OK
r-patched-solaris-x86 0.1.0 1265.50 NOTE
r-release-linux-x86_64 0.1.0 2.82 592.13 594.95 OK
r-release-osx-x86_64 0.1.0 NOTE
r-release-windows-ix86+x86_64 0.1.0 9.00 42.00 51.00 OK
r-oldrel-osx-x86_64 0.1.0 NOTE
r-oldrel-windows-ix86+x86_64 0.1.0 10.00 94.00 104.00 OK

Check Details

Version: 0.1.0
Check: dependencies in R code
Result: NOTE
    Namespaces in Imports field not imported from:
     ‘Rcpp’ ‘StanHeaders’ ‘dplyr’ ‘ggplot2’ ‘gridExtra’ ‘rstan’ ‘tibble’
     All declared Imports should be used.
Flavors: r-devel-linux-x86_64-fedora-clang, r-devel-linux-x86_64-fedora-gcc, r-patched-solaris-x86, r-release-osx-x86_64, r-oldrel-osx-x86_64