CRAN Package Check Results for Package PortfolioOptim

Last updated on 2019-04-23 15:50:57 CEST.

Flavor Version Tinstall Tcheck Ttotal Status Flags
r-devel-linux-x86_64-debian-clang 1.1.1 2.29 22.01 24.30 OK
r-devel-linux-x86_64-debian-gcc 1.1.1 1.84 18.11 19.95 OK
r-devel-linux-x86_64-fedora-clang 1.1.1 29.09 OK
r-devel-linux-x86_64-fedora-gcc 1.1.1 27.87 OK
r-devel-windows-ix86+x86_64 1.1.1 6.00 47.00 53.00 OK
r-patched-linux-x86_64 1.1.1 2.64 22.01 24.65 OK
r-patched-solaris-x86 1.1.1 3.50 ERROR
r-release-linux-x86_64 1.1.1 1.67 20.61 22.28 OK
r-release-windows-ix86+x86_64 1.1.1 3.00 44.00 47.00 OK
r-release-osx-x86_64 1.1.1 ERROR
r-oldrel-windows-ix86+x86_64 1.1.1 4.00 37.00 41.00 OK
r-oldrel-osx-x86_64 1.1.1 ERROR

Check Details

Version: 1.1.1
Check: package dependencies
Result: ERROR
    Package required but not available: ‘Rsymphony’
    
    See section ‘The DESCRIPTION file’ in the ‘Writing R Extensions’
    manual.
Flavors: r-patched-solaris-x86, r-release-osx-x86_64, r-oldrel-osx-x86_64