Last updated on 2023-04-01 11:51:36 CEST.
Flavor | Version | Tinstall | Tcheck | Ttotal | Status | Flags |
---|---|---|---|---|---|---|
r-devel-linux-x86_64-debian-clang | 1.8 | 14.61 | 104.18 | 118.79 | OK | |
r-devel-linux-x86_64-debian-gcc | 1.8 | 11.59 | 76.86 | 88.45 | OK | |
r-devel-linux-x86_64-fedora-clang | 1.8 | 144.41 | NOTE | |||
r-devel-linux-x86_64-fedora-gcc | 1.8 | 162.38 | OK | |||
r-devel-windows-x86_64 | 1.8 | 29.00 | 181.00 | 210.00 | NOTE | |
r-patched-linux-x86_64 | 1.8 | 18.66 | 95.67 | 114.33 | OK | |
r-release-linux-x86_64 | 1.8 | 13.58 | 94.20 | 107.78 | OK | |
r-release-macos-arm64 | 1.8 | 45.00 | NOTE | |||
r-release-macos-x86_64 | 1.8 | 87.00 | NOTE | |||
r-release-windows-x86_64 | 1.8 | 385.00 | 191.00 | 576.00 | NOTE | |
r-oldrel-macos-arm64 | 1.8 | 69.00 | NOTE | |||
r-oldrel-macos-x86_64 | 1.8 | 78.00 | NOTE | |||
r-oldrel-windows-ix86+x86_64 | 1.8 | 31.00 | 132.00 | 163.00 | NOTE |
Version: 1.8
Check: installed package size
Result: NOTE
installed size is 6.4Mb
sub-directories of 1Mb or more:
java 5.1Mb
Flavors: r-devel-linux-x86_64-fedora-clang, r-devel-windows-x86_64, r-release-macos-arm64, r-release-macos-x86_64, r-release-windows-x86_64, r-oldrel-macos-arm64, r-oldrel-macos-x86_64, r-oldrel-windows-ix86+x86_64