CRAN Package Check Results for Package PortfolioEffectHFT

Last updated on 2019-04-19 04:49:04 CEST.

Flavor Version Tinstall Tcheck Ttotal Status Flags
r-devel-linux-x86_64-debian-clang 1.8 11.87 71.70 83.57 OK
r-devel-linux-x86_64-debian-gcc 1.8 8.32 55.45 63.77 OK
r-devel-linux-x86_64-fedora-clang 1.8 98.92 NOTE
r-devel-linux-x86_64-fedora-gcc 1.8 92.85 OK
r-devel-windows-ix86+x86_64 1.8 32.00 117.00 149.00 NOTE
r-patched-linux-x86_64 1.8 9.91 69.16 79.07 OK
r-patched-solaris-x86 1.8 141.50 NOTE
r-release-linux-x86_64 1.8 11.09 66.79 77.88 OK
r-release-windows-ix86+x86_64 1.8 16.00 93.00 109.00 NOTE
r-release-osx-x86_64 1.8 NOTE
r-oldrel-windows-ix86+x86_64 1.8 26.00 116.00 142.00 NOTE
r-oldrel-osx-x86_64 1.8 WARN

Check Details

Version: 1.8
Check: installed package size
Result: NOTE
     installed size is 6.4Mb
     sub-directories of 1Mb or more:
     java 5.1Mb
Flavors: r-devel-linux-x86_64-fedora-clang, r-devel-windows-ix86+x86_64, r-patched-solaris-x86, r-release-windows-ix86+x86_64, r-release-osx-x86_64, r-oldrel-windows-ix86+x86_64, r-oldrel-osx-x86_64

Version: 1.8
Check: re-building of vignette outputs
Result: WARN
    Error in re-building vignettes:
     ...
    Error in texi2dvi(file = file, pdf = TRUE, clean = clean, quiet = quiet, :
     Running 'texi2dvi' on 'PortfolioEffectHFT.tex' failed.
    LaTeX errors:
    ! LaTeX Error: File `titlesec.sty' not found.
    
    Type X to quit or <RETURN> to proceed,
    or enter new name. (Default extension: sty)
    
    ! Emergency stop.
    <read *>
    
    l.15 \usepackage
     {setspace}^^M
    ! ==> Fatal error occurred, no output PDF file produced!
    Calls: buildVignettes -> texi2pdf -> texi2dvi
    Execution halted
Flavor: r-oldrel-osx-x86_64