CRAN Package Check Results for Package PortfolioEffectHFT

Last updated on 2019-06-16 14:47:45 CEST.

Flavor Version Tinstall Tcheck Ttotal Status Flags
r-devel-linux-x86_64-debian-clang 1.8 10.55 72.54 83.09 OK
r-devel-linux-x86_64-debian-gcc 1.8 10.24 56.40 66.64 OK
r-devel-linux-x86_64-fedora-clang 1.8 100.34 NOTE
r-devel-linux-x86_64-fedora-gcc 1.8 96.42 OK
r-devel-windows-ix86+x86_64 1.8 32.00 96.00 128.00 NOTE
r-patched-linux-x86_64 1.8 10.11 70.78 80.89 OK
r-patched-solaris-x86 1.8 146.30 NOTE
r-release-linux-x86_64 1.8 10.96 69.82 80.78 OK
r-release-windows-ix86+x86_64 1.8 22.00 131.00 153.00 NOTE
r-release-osx-x86_64 1.8 NOTE
r-oldrel-windows-ix86+x86_64 1.8 15.00 138.00 153.00 NOTE
r-oldrel-osx-x86_64 1.8 NOTE

Check Details

Version: 1.8
Check: installed package size
Result: NOTE
     installed size is 6.4Mb
     sub-directories of 1Mb or more:
     java 5.1Mb
Flavors: r-devel-linux-x86_64-fedora-clang, r-devel-windows-ix86+x86_64, r-patched-solaris-x86, r-release-windows-ix86+x86_64, r-release-osx-x86_64, r-oldrel-windows-ix86+x86_64, r-oldrel-osx-x86_64