Last updated on 2022-06-26 13:49:50 CEST.
Flavor | Version | Tinstall | Tcheck | Ttotal | Status | Flags |
---|---|---|---|---|---|---|
r-devel-linux-x86_64-debian-clang | 0.6.0 | 23.77 | 517.26 | 541.03 | OK | |
r-devel-linux-x86_64-debian-gcc | 0.6.0 | 18.78 | 371.98 | 390.76 | OK | |
r-devel-linux-x86_64-fedora-clang | 0.6.0 | 691.49 | WARN | |||
r-devel-linux-x86_64-fedora-gcc | 0.6.0 | 639.62 | WARN | |||
r-devel-windows-x86_64 | 0.6.0 | 124.00 | 570.00 | 694.00 | OK | |
r-patched-linux-x86_64 | 0.6.0 | 26.73 | 487.95 | 514.68 | OK | |
r-release-linux-x86_64 | 0.6.0 | 24.56 | 487.80 | 512.36 | OK | |
r-release-macos-arm64 | 0.6.0 | 179.00 | OK | |||
r-release-macos-x86_64 | 0.6.0 | 329.00 | OK | |||
r-release-windows-x86_64 | 0.6.0 | 143.00 | 582.00 | 725.00 | OK | |
r-oldrel-macos-arm64 | 0.6.0 | 177.00 | OK | |||
r-oldrel-macos-x86_64 | 0.6.0 | 295.00 | OK | |||
r-oldrel-windows-ix86+x86_64 | 0.6.0 | 43.00 | 534.00 | 577.00 | OK |
Version: 0.6.0
Check: package dependencies
Result: WARN
Requires orphaned package: ‘gtools’
Flavors: r-devel-linux-x86_64-fedora-clang, r-devel-linux-x86_64-fedora-gcc