CRAN Package Check Results for Package PointFore

Last updated on 2022-09-29 02:49:48 CEST.

Flavor Version Tinstall Tcheck Ttotal Status Flags
r-devel-linux-x86_64-debian-clang 0.2.0 6.11 140.00 146.11 OK
r-devel-linux-x86_64-debian-gcc 0.2.0 5.43 94.15 99.58 OK
r-devel-linux-x86_64-fedora-clang 0.2.0 181.10 NOTE
r-devel-linux-x86_64-fedora-gcc 0.2.0 169.06 NOTE
r-devel-windows-x86_64 0.2.0 21.00 161.00 182.00 OK
r-patched-linux-x86_64 0.2.0 5.60 131.59 137.19 OK
r-release-linux-x86_64 0.2.0 5.48 126.57 132.05 OK
r-release-macos-arm64 0.2.0 50.00 NOTE
r-release-macos-x86_64 0.2.0 81.00 NOTE
r-release-windows-x86_64 0.2.0 18.00 159.00 177.00 OK
r-oldrel-macos-arm64 0.2.0 72.00 NOTE
r-oldrel-macos-x86_64 0.2.0 69.00 NOTE
r-oldrel-windows-ix86+x86_64 0.2.0 17.00 175.00 192.00 OK

Check Details

Version: 0.2.0
Check: dependencies in R code
Result: NOTE
    Namespaces in Imports field not imported from:
     ‘car’ ‘lubridate’
     All declared Imports should be used.
Flavors: r-devel-linux-x86_64-fedora-clang, r-devel-linux-x86_64-fedora-gcc, r-release-macos-arm64, r-release-macos-x86_64, r-oldrel-macos-arm64, r-oldrel-macos-x86_64