CRAN Package Check Results for Package PointFore

Last updated on 2019-05-22 22:52:45 CEST.

Flavor Version Tinstall Tcheck Ttotal Status Flags
r-devel-linux-x86_64-debian-clang 0.2.0 3.72 139.17 142.89 OK
r-devel-linux-x86_64-debian-gcc 0.2.0 2.59 97.98 100.57 OK
r-devel-linux-x86_64-fedora-clang 0.2.0 160.56 NOTE
r-devel-linux-x86_64-fedora-gcc 0.2.0 152.04 NOTE
r-devel-windows-ix86+x86_64 0.2.0 10.00 139.00 149.00 OK
r-patched-linux-x86_64 0.2.0 3.42 132.34 135.76 OK
r-patched-solaris-x86 0.2.0 211.00 NOTE
r-release-linux-x86_64 0.2.0 3.87 133.24 137.11 OK
r-release-windows-ix86+x86_64 0.2.0 21.00 194.00 215.00 OK
r-release-osx-x86_64 0.2.0 NOTE
r-oldrel-windows-ix86+x86_64 0.2.0 5.00 138.00 143.00 OK
r-oldrel-osx-x86_64 0.2.0 NOTE

Check Details

Version: 0.2.0
Check: dependencies in R code
Result: NOTE
    Namespaces in Imports field not imported from:
     ‘car’ ‘lubridate’
     All declared Imports should be used.
Flavors: r-devel-linux-x86_64-fedora-clang, r-devel-linux-x86_64-fedora-gcc, r-patched-solaris-x86, r-release-osx-x86_64, r-oldrel-osx-x86_64