CRAN Package Check Results for Package PointFore

Last updated on 2019-08-24 22:46:34 CEST.

Flavor Version Tinstall Tcheck Ttotal Status Flags
r-devel-linux-x86_64-debian-clang 0.2.0 3.82 139.76 143.58 OK
r-devel-linux-x86_64-debian-gcc 0.2.0 3.20 99.14 102.34 OK
r-devel-linux-x86_64-fedora-clang 0.2.0 165.31 NOTE
r-devel-linux-x86_64-fedora-gcc 0.2.0 162.27 NOTE
r-devel-windows-ix86+x86_64 0.2.0 12.00 135.00 147.00 OK
r-patched-linux-x86_64 0.2.0 3.53 133.15 136.68 OK
r-patched-solaris-x86 0.2.0 219.20 NOTE
r-release-linux-x86_64 0.2.0 3.39 132.79 136.18 OK
r-release-windows-ix86+x86_64 0.2.0 22.00 203.00 225.00 OK
r-release-osx-x86_64 0.2.0 NOTE
r-oldrel-windows-ix86+x86_64 0.2.0 12.00 181.00 193.00 OK
r-oldrel-osx-x86_64 0.2.0 NOTE

Check Details

Version: 0.2.0
Check: dependencies in R code
Result: NOTE
    Namespaces in Imports field not imported from:
     ‘car’ ‘lubridate’
     All declared Imports should be used.
Flavors: r-devel-linux-x86_64-fedora-clang, r-devel-linux-x86_64-fedora-gcc, r-patched-solaris-x86, r-release-osx-x86_64, r-oldrel-osx-x86_64