CRAN Package Check Results for Package PoA

Last updated on 2022-08-14 13:51:08 CEST.

Flavor Version Tinstall Tcheck Ttotal Status Flags
r-devel-linux-x86_64-debian-clang 1.2.1 5.51 48.42 53.93 NOTE
r-devel-linux-x86_64-debian-gcc 1.2.1 3.80 35.39 39.19 NOTE
r-devel-linux-x86_64-fedora-clang 1.2.1 73.88 NOTE
r-devel-linux-x86_64-fedora-gcc 1.2.1 71.81 NOTE
r-devel-windows-x86_64 1.2.1 10.00 66.00 76.00 NOTE
r-patched-linux-x86_64 1.2.1 5.02 44.61 49.63 NOTE
r-release-linux-x86_64 1.2.1 4.94 44.77 49.71 NOTE
r-release-macos-arm64 1.2.1 21.00 NOTE
r-release-macos-x86_64 1.2.1 37.00 NOTE
r-release-windows-x86_64 1.2.1 10.00 69.00 79.00 NOTE
r-oldrel-macos-arm64 1.2.1 27.00 NOTE
r-oldrel-macos-x86_64 1.2.1 38.00 NOTE
r-oldrel-windows-ix86+x86_64 1.2.1 16.00 63.00 79.00 NOTE

Check Details

Version: 1.2.1
Check: LazyData
Result: NOTE
     'LazyData' is specified without a 'data' directory
Flavors: r-devel-linux-x86_64-debian-clang, r-devel-linux-x86_64-debian-gcc, r-devel-linux-x86_64-fedora-clang, r-devel-linux-x86_64-fedora-gcc, r-devel-windows-x86_64, r-patched-linux-x86_64, r-release-linux-x86_64, r-release-macos-arm64, r-release-macos-x86_64, r-release-windows-x86_64, r-oldrel-macos-arm64, r-oldrel-macos-x86_64, r-oldrel-windows-ix86+x86_64