CRAN Package Check Results for Package PivotalR

Last updated on 2019-04-20 15:52:16 CEST.

Flavor Version Tinstall Tcheck Ttotal Status Flags
r-devel-linux-x86_64-debian-clang 0.1.18.3.1 26.34 124.73 151.07 OK
r-devel-linux-x86_64-debian-gcc 0.1.18.3.1 26.09 100.62 126.71 OK
r-devel-linux-x86_64-fedora-clang 0.1.18.3.1 186.63 NOTE
r-devel-linux-x86_64-fedora-gcc 0.1.18.3.1 177.33 NOTE
r-devel-windows-ix86+x86_64 0.1.18.3.1 61.00 229.00 290.00 OK
r-patched-linux-x86_64 0.1.18.3.1 26.36 123.74 150.10 OK
r-patched-solaris-x86 0.1.18.3.1 247.50 OK
r-release-linux-x86_64 0.1.18.3.1 18.70 120.25 138.95 OK
r-release-windows-ix86+x86_64 0.1.18.3.1 36.00 170.00 206.00 OK
r-release-osx-x86_64 0.1.18.3.1 OK
r-oldrel-windows-ix86+x86_64 0.1.18.3.1 18.00 206.00 224.00 OK
r-oldrel-osx-x86_64 0.1.18.3.1 OK

Check Details

Version: 0.1.18.3.1
Check: compiled code
Result: NOTE
    File ‘PivotalR/libs/PivotalR.so’:
     Found no calls to: ‘R_registerRoutines’, ‘R_useDynamicSymbols’
    
    It is good practice to register native routines and to disable symbol
    search.
    
    See ‘Writing portable packages’ in the ‘Writing R Extensions’ manual.
Flavors: r-devel-linux-x86_64-fedora-clang, r-devel-linux-x86_64-fedora-gcc