CRAN Package Check Results for Package PivotalR

Last updated on 2019-06-24 12:47:13 CEST.

Flavor Version Tinstall Tcheck Ttotal Status Flags
r-devel-linux-x86_64-debian-clang 0.1.18.3.1 27.65 123.77 151.42 OK
r-devel-linux-x86_64-debian-gcc 0.1.18.3.1 23.32 98.22 121.54 OK
r-devel-linux-x86_64-fedora-clang 0.1.18.3.1 182.63 NOTE
r-devel-linux-x86_64-fedora-gcc 0.1.18.3.1 177.50 NOTE
r-devel-windows-ix86+x86_64 0.1.18.3.1 59.00 244.00 303.00 OK
r-patched-linux-x86_64 0.1.18.3.1 29.25 124.51 153.76 OK
r-patched-solaris-x86 0.1.18.3.1 249.80 OK
r-release-linux-x86_64 0.1.18.3.1 24.36 125.06 149.42 OK
r-release-windows-ix86+x86_64 0.1.18.3.1 45.00 256.00 301.00 OK
r-release-osx-x86_64 0.1.18.3.1 OK
r-oldrel-windows-ix86+x86_64 0.1.18.3.1 37.00 159.00 196.00 OK
r-oldrel-osx-x86_64 0.1.18.3.1 OK

Check Details

Version: 0.1.18.3.1
Check: compiled code
Result: NOTE
    File ‘PivotalR/libs/PivotalR.so’:
     Found no calls to: ‘R_registerRoutines’, ‘R_useDynamicSymbols’
    
    It is good practice to register native routines and to disable symbol
    search.
    
    See ‘Writing portable packages’ in the ‘Writing R Extensions’ manual.
Flavors: r-devel-linux-x86_64-fedora-clang, r-devel-linux-x86_64-fedora-gcc