CRAN Package Check Results for Package PieceExpIntensity

Last updated on 2021-12-04 21:53:17 CET.

Flavor Version Tinstall Tcheck Ttotal Status Flags
r-devel-linux-x86_64-debian-clang 1.0.4 26.78 33.95 60.73 NOTE
r-devel-linux-x86_64-debian-gcc 1.0.4 21.64 27.22 48.86 NOTE
r-devel-linux-x86_64-fedora-clang 1.0.4 94.59 NOTE
r-devel-linux-x86_64-fedora-gcc 1.0.4 74.31 NOTE
r-devel-windows-x86_64-new-UL 1.0.4 41.00 92.00 133.00 NOTE
r-devel-windows-x86_64-new-TK 1.0.4 NOTE
r-devel-windows-x86_64-old 1.0.4 40.00 41.00 81.00 NOTE
r-patched-linux-x86_64 1.0.4 25.72 24.82 50.54 NOTE
r-release-linux-x86_64 1.0.4 25.57 24.98 50.55 NOTE
r-release-macos-arm64 1.0.4 NOTE
r-release-macos-x86_64 1.0.4 NOTE
r-release-windows-ix86+x86_64 1.0.4 77.00 74.00 151.00 NOTE
r-oldrel-macos-x86_64 1.0.4 OK
r-oldrel-windows-ix86+x86_64 1.0.4 77.00 71.00 148.00 OK

Check Details

Version: 1.0.4
Check: LazyData
Result: NOTE
     'LazyData' is specified without a 'data' directory
Flavors: r-devel-linux-x86_64-debian-clang, r-devel-linux-x86_64-debian-gcc, r-devel-linux-x86_64-fedora-clang, r-devel-linux-x86_64-fedora-gcc, r-devel-windows-x86_64-new-UL, r-devel-windows-x86_64-new-TK, r-devel-windows-x86_64-old, r-patched-linux-x86_64, r-release-linux-x86_64, r-release-macos-arm64, r-release-macos-x86_64, r-release-windows-ix86+x86_64