CRAN Package Check Results for Package PhysActBedRest

Last updated on 2024-06-13 05:59:15 CEST.

Flavor Version Tinstall Tcheck Ttotal Status Flags
r-devel-linux-x86_64-debian-clang 1.1 3.99 40.16 44.15 OK
r-devel-linux-x86_64-debian-gcc 1.1 0.32 1.69 2.01 ERROR
r-devel-linux-x86_64-fedora-clang 1.1 59.71 OK
r-devel-linux-x86_64-fedora-gcc 1.1 53.88 OK
r-devel-windows-x86_64 1.1 5.00 49.00 54.00 OK
r-patched-linux-x86_64 1.1 3.90 39.73 43.63 OK
r-release-linux-x86_64 1.1 4.22 38.94 43.16 OK
r-release-macos-arm64 1.1 21.00 OK
r-release-macos-x86_64 1.1 30.00 OK
r-release-windows-x86_64 1.1 4.00 48.00 52.00 OK
r-oldrel-macos-arm64 1.1 23.00 OK
r-oldrel-macos-x86_64 1.1 32.00 OK
r-oldrel-windows-x86_64 1.1 6.00 54.00 60.00 OK

Check Details

Version: 1.1
Check: package dependencies
Result: ERROR Packages required but not available: 'stringr', 'lubridate' See section ‘The DESCRIPTION file’ in the ‘Writing R Extensions’ manual. Flavor: r-devel-linux-x86_64-debian-gcc