CRAN Package Check Results for Package Phase12Compare

Last updated on 2024-02-28 13:53:23 CET.

Flavor Version Tinstall Tcheck Ttotal Status Flags
r-devel-linux-x86_64-debian-clang 1.5 46.12 42.22 88.34 NOTE
r-devel-linux-x86_64-debian-gcc 1.5 36.53 31.75 68.28 NOTE
r-devel-linux-x86_64-fedora-clang 1.5 120.34 NOTE
r-devel-linux-x86_64-fedora-gcc 1.5 124.91 NOTE
r-devel-windows-x86_64 1.5 35.00 79.00 114.00 OK
r-patched-linux-x86_64 1.5 40.67 41.29 81.96 OK
r-release-linux-x86_64 1.5 38.35 40.33 78.68 OK
r-release-macos-arm64 1.5 36.00 OK
r-release-macos-x86_64 1.5 67.00 OK
r-release-windows-x86_64 1.5 44.00 83.00 127.00 OK
r-oldrel-macos-arm64 1.5 32.00 OK
r-oldrel-windows-x86_64 1.5 45.00 80.00 125.00 OK

Check Details

Version: 1.5
Check: Rd files
Result: NOTE checkRd: (-1) GetEfftoxContour.Rd:37: Lost braces; missing escapes or markup? 37 | \item{Contour}{Contour vector for desirability function. Contains in order: (pi_{1,E},pi_{2,T},pi_{3,E},pi_{4,T}).} | ^ checkRd: (-1) GetEfftoxContour.Rd:37: Lost braces; missing escapes or markup? 37 | \item{Contour}{Contour vector for desirability function. Contains in order: (pi_{1,E},pi_{2,T},pi_{3,E},pi_{4,T}).} | ^ checkRd: (-1) GetEfftoxContour.Rd:37: Lost braces; missing escapes or markup? 37 | \item{Contour}{Contour vector for desirability function. Contains in order: (pi_{1,E},pi_{2,T},pi_{3,E},pi_{4,T}).} | ^ checkRd: (-1) GetEfftoxContour.Rd:37: Lost braces; missing escapes or markup? 37 | \item{Contour}{Contour vector for desirability function. Contains in order: (pi_{1,E},pi_{2,T},pi_{3,E},pi_{4,T}).} | ^ checkRd: (-1) GetEfftoxContour.Rd:47: Lost braces; missing escapes or markup? 47 | \item{HypermeansEFF}{Hypermeans for the Efftox model. In order, entries are hypermeans for (beta_{0,E},beta_{1,E},beta_{2,E},beta_{0,T},beta_{1,T},psi).} | ^ checkRd: (-1) GetEfftoxContour.Rd:47: Lost braces; missing escapes or markup? 47 | \item{HypermeansEFF}{Hypermeans for the Efftox model. In order, entries are hypermeans for (beta_{0,E},beta_{1,E},beta_{2,E},beta_{0,T},beta_{1,T},psi).} | ^ checkRd: (-1) GetEfftoxContour.Rd:47: Lost braces; missing escapes or markup? 47 | \item{HypermeansEFF}{Hypermeans for the Efftox model. In order, entries are hypermeans for (beta_{0,E},beta_{1,E},beta_{2,E},beta_{0,T},beta_{1,T},psi).} | ^ checkRd: (-1) GetEfftoxContour.Rd:47: Lost braces; missing escapes or markup? 47 | \item{HypermeansEFF}{Hypermeans for the Efftox model. In order, entries are hypermeans for (beta_{0,E},beta_{1,E},beta_{2,E},beta_{0,T},beta_{1,T},psi).} | ^ checkRd: (-1) GetEfftoxContour.Rd:47: Lost braces; missing escapes or markup? 47 | \item{HypermeansEFF}{Hypermeans for the Efftox model. In order, entries are hypermeans for (beta_{0,E},beta_{1,E},beta_{2,E},beta_{0,T},beta_{1,T},psi).} | ^ checkRd: (-1) GetEfftoxContour.Rd:49: Lost braces; missing escapes or markup? 49 | \item{HypervarsEFF}{Hypervariances for the Efftox model. In order, entries are hypervariances for (beta_{0,E},beta_{1,E},beta_{2,E},beta_{0,T},beta_{1,T},psi).} | ^ checkRd: (-1) GetEfftoxContour.Rd:49: Lost braces; missing escapes or markup? 49 | \item{HypervarsEFF}{Hypervariances for the Efftox model. In order, entries are hypervariances for (beta_{0,E},beta_{1,E},beta_{2,E},beta_{0,T},beta_{1,T},psi).} | ^ checkRd: (-1) GetEfftoxContour.Rd:49: Lost braces; missing escapes or markup? 49 | \item{HypervarsEFF}{Hypervariances for the Efftox model. In order, entries are hypervariances for (beta_{0,E},beta_{1,E},beta_{2,E},beta_{0,T},beta_{1,T},psi).} | ^ checkRd: (-1) GetEfftoxContour.Rd:49: Lost braces; missing escapes or markup? 49 | \item{HypervarsEFF}{Hypervariances for the Efftox model. In order, entries are hypervariances for (beta_{0,E},beta_{1,E},beta_{2,E},beta_{0,T},beta_{1,T},psi).} | ^ checkRd: (-1) GetEfftoxContour.Rd:49: Lost braces; missing escapes or markup? 49 | \item{HypervarsEFF}{Hypervariances for the Efftox model. In order, entries are hypervariances for (beta_{0,E},beta_{1,E},beta_{2,E},beta_{0,T},beta_{1,T},psi).} | ^ checkRd: (-1) GetEfftoxUt.Rd:47: Lost braces; missing escapes or markup? 47 | \item{HypermeansEFF}{Hypermeans for the Efftox model. In order, entries are hypermeans for (beta_{0,E},beta_{1,E},beta_{2,E},beta_{0,T},beta_{1,T},psi).} | ^ checkRd: (-1) GetEfftoxUt.Rd:47: Lost braces; missing escapes or markup? 47 | \item{HypermeansEFF}{Hypermeans for the Efftox model. In order, entries are hypermeans for (beta_{0,E},beta_{1,E},beta_{2,E},beta_{0,T},beta_{1,T},psi).} | ^ checkRd: (-1) GetEfftoxUt.Rd:47: Lost braces; missing escapes or markup? 47 | \item{HypermeansEFF}{Hypermeans for the Efftox model. In order, entries are hypermeans for (beta_{0,E},beta_{1,E},beta_{2,E},beta_{0,T},beta_{1,T},psi).} | ^ checkRd: (-1) GetEfftoxUt.Rd:47: Lost braces; missing escapes or markup? 47 | \item{HypermeansEFF}{Hypermeans for the Efftox model. In order, entries are hypermeans for (beta_{0,E},beta_{1,E},beta_{2,E},beta_{0,T},beta_{1,T},psi).} | ^ checkRd: (-1) GetEfftoxUt.Rd:47: Lost braces; missing escapes or markup? 47 | \item{HypermeansEFF}{Hypermeans for the Efftox model. In order, entries are hypermeans for (beta_{0,E},beta_{1,E},beta_{2,E},beta_{0,T},beta_{1,T},psi).} | ^ checkRd: (-1) GetEfftoxUt.Rd:49: Lost braces; missing escapes or markup? 49 | \item{HypervarsEFF}{Hypervariances for the Efftox model. In order, entries are hypervariances for (beta_{0,E},beta_{1,E},beta_{2,E},beta_{0,T},beta_{1,T},psi).} | ^ checkRd: (-1) GetEfftoxUt.Rd:49: Lost braces; missing escapes or markup? 49 | \item{HypervarsEFF}{Hypervariances for the Efftox model. In order, entries are hypervariances for (beta_{0,E},beta_{1,E},beta_{2,E},beta_{0,T},beta_{1,T},psi).} | ^ checkRd: (-1) GetEfftoxUt.Rd:49: Lost braces; missing escapes or markup? 49 | \item{HypervarsEFF}{Hypervariances for the Efftox model. In order, entries are hypervariances for (beta_{0,E},beta_{1,E},beta_{2,E},beta_{0,T},beta_{1,T},psi).} | ^ checkRd: (-1) GetEfftoxUt.Rd:49: Lost braces; missing escapes or markup? 49 | \item{HypervarsEFF}{Hypervariances for the Efftox model. In order, entries are hypervariances for (beta_{0,E},beta_{1,E},beta_{2,E},beta_{0,T},beta_{1,T},psi).} | ^ checkRd: (-1) GetEfftoxUt.Rd:49: Lost braces; missing escapes or markup? 49 | \item{HypervarsEFF}{Hypervariances for the Efftox model. In order, entries are hypervariances for (beta_{0,E},beta_{1,E},beta_{2,E},beta_{0,T},beta_{1,T},psi).} | ^ checkRd: (-1) GetSpsoContour.Rd:35: Lost braces; missing escapes or markup? 35 | \item{Contour}{Contour vector for desirability function. Contains in order: (pi_{1,E},pi_{2,T},pi_{3,E},pi_{4,T}).} | ^ checkRd: (-1) GetSpsoContour.Rd:35: Lost braces; missing escapes or markup? 35 | \item{Contour}{Contour vector for desirability function. Contains in order: (pi_{1,E},pi_{2,T},pi_{3,E},pi_{4,T}).} | ^ checkRd: (-1) GetSpsoContour.Rd:35: Lost braces; missing escapes or markup? 35 | \item{Contour}{Contour vector for desirability function. Contains in order: (pi_{1,E},pi_{2,T},pi_{3,E},pi_{4,T}).} | ^ checkRd: (-1) GetSpsoContour.Rd:35: Lost braces; missing escapes or markup? 35 | \item{Contour}{Contour vector for desirability function. Contains in order: (pi_{1,E},pi_{2,T},pi_{3,E},pi_{4,T}).} | ^ checkRd: (-1) SimEfftoxContour.Rd:39: Lost braces; missing escapes or markup? 39 | \item{Contour}{Contour vector for desirability function. Contains in order: (pi_{1,E},pi_{2,T},pi_{3,E},pi_{4,T}).} | ^ checkRd: (-1) SimEfftoxContour.Rd:39: Lost braces; missing escapes or markup? 39 | \item{Contour}{Contour vector for desirability function. Contains in order: (pi_{1,E},pi_{2,T},pi_{3,E},pi_{4,T}).} | ^ checkRd: (-1) SimEfftoxContour.Rd:39: Lost braces; missing escapes or markup? 39 | \item{Contour}{Contour vector for desirability function. Contains in order: (pi_{1,E},pi_{2,T},pi_{3,E},pi_{4,T}).} | ^ checkRd: (-1) SimEfftoxContour.Rd:39: Lost braces; missing escapes or markup? 39 | \item{Contour}{Contour vector for desirability function. Contains in order: (pi_{1,E},pi_{2,T},pi_{3,E},pi_{4,T}).} | ^ checkRd: (-1) SimEfftoxContour.Rd:49: Lost braces; missing escapes or markup? 49 | \item{HypermeansEFF}{Hypermeans for the Efftox model. In order, entries are hypermeans for (beta_{0,E},beta_{1,E},beta_{2,E},beta_{0,T},beta_{1,T},psi).} | ^ checkRd: (-1) SimEfftoxContour.Rd:49: Lost braces; missing escapes or markup? 49 | \item{HypermeansEFF}{Hypermeans for the Efftox model. In order, entries are hypermeans for (beta_{0,E},beta_{1,E},beta_{2,E},beta_{0,T},beta_{1,T},psi).} | ^ checkRd: (-1) SimEfftoxContour.Rd:49: Lost braces; missing escapes or markup? 49 | \item{HypermeansEFF}{Hypermeans for the Efftox model. In order, entries are hypermeans for (beta_{0,E},beta_{1,E},beta_{2,E},beta_{0,T},beta_{1,T},psi).} | ^ checkRd: (-1) SimEfftoxContour.Rd:49: Lost braces; missing escapes or markup? 49 | \item{HypermeansEFF}{Hypermeans for the Efftox model. In order, entries are hypermeans for (beta_{0,E},beta_{1,E},beta_{2,E},beta_{0,T},beta_{1,T},psi).} | ^ checkRd: (-1) SimEfftoxContour.Rd:49: Lost braces; missing escapes or markup? 49 | \item{HypermeansEFF}{Hypermeans for the Efftox model. In order, entries are hypermeans for (beta_{0,E},beta_{1,E},beta_{2,E},beta_{0,T},beta_{1,T},psi).} | ^ checkRd: (-1) SimEfftoxContour.Rd:51: Lost braces; missing escapes or markup? 51 | \item{HypervarsEFF}{Hypervariances for the Efftox model. In order, entries are hypervariances for (beta_{0,E},beta_{1,E},beta_{2,E},beta_{0,T},beta_{1,T},psi).} | ^ checkRd: (-1) SimEfftoxContour.Rd:51: Lost braces; missing escapes or markup? 51 | \item{HypervarsEFF}{Hypervariances for the Efftox model. In order, entries are hypervariances for (beta_{0,E},beta_{1,E},beta_{2,E},beta_{0,T},beta_{1,T},psi).} | ^ checkRd: (-1) SimEfftoxContour.Rd:51: Lost braces; missing escapes or markup? 51 | \item{HypervarsEFF}{Hypervariances for the Efftox model. In order, entries are hypervariances for (beta_{0,E},beta_{1,E},beta_{2,E},beta_{0,T},beta_{1,T},psi).} | ^ checkRd: (-1) SimEfftoxContour.Rd:51: Lost braces; missing escapes or markup? 51 | \item{HypervarsEFF}{Hypervariances for the Efftox model. In order, entries are hypervariances for (beta_{0,E},beta_{1,E},beta_{2,E},beta_{0,T},beta_{1,T},psi).} | ^ checkRd: (-1) SimEfftoxContour.Rd:51: Lost braces; missing escapes or markup? 51 | \item{HypervarsEFF}{Hypervariances for the Efftox model. In order, entries are hypervariances for (beta_{0,E},beta_{1,E},beta_{2,E},beta_{0,T},beta_{1,T},psi).} | ^ checkRd: (-1) SimEfftoxUt.Rd:49: Lost braces; missing escapes or markup? 49 | \item{HypermeansEFF}{Hypermeans for the Efftox model. In order, entries are hypermeans for (beta_{0,E},beta_{1,E},beta_{2,E},beta_{0,T},beta_{1,T},psi).} | ^ checkRd: (-1) SimEfftoxUt.Rd:49: Lost braces; missing escapes or markup? 49 | \item{HypermeansEFF}{Hypermeans for the Efftox model. In order, entries are hypermeans for (beta_{0,E},beta_{1,E},beta_{2,E},beta_{0,T},beta_{1,T},psi).} | ^ checkRd: (-1) SimEfftoxUt.Rd:49: Lost braces; missing escapes or markup? 49 | \item{HypermeansEFF}{Hypermeans for the Efftox model. In order, entries are hypermeans for (beta_{0,E},beta_{1,E},beta_{2,E},beta_{0,T},beta_{1,T},psi).} | ^ checkRd: (-1) SimEfftoxUt.Rd:49: Lost braces; missing escapes or markup? 49 | \item{HypermeansEFF}{Hypermeans for the Efftox model. In order, entries are hypermeans for (beta_{0,E},beta_{1,E},beta_{2,E},beta_{0,T},beta_{1,T},psi).} | ^ checkRd: (-1) SimEfftoxUt.Rd:49: Lost braces; missing escapes or markup? 49 | \item{HypermeansEFF}{Hypermeans for the Efftox model. In order, entries are hypermeans for (beta_{0,E},beta_{1,E},beta_{2,E},beta_{0,T},beta_{1,T},psi).} | ^ checkRd: (-1) SimEfftoxUt.Rd:51: Lost braces; missing escapes or markup? 51 | \item{HypervarsEFF}{Hypervariances for the Efftox model. In order, entries are hypervariances for (beta_{0,E},beta_{1,E},beta_{2,E},beta_{0,T},beta_{1,T},psi).} | ^ checkRd: (-1) SimEfftoxUt.Rd:51: Lost braces; missing escapes or markup? 51 | \item{HypervarsEFF}{Hypervariances for the Efftox model. In order, entries are hypervariances for (beta_{0,E},beta_{1,E},beta_{2,E},beta_{0,T},beta_{1,T},psi).} | ^ checkRd: (-1) SimEfftoxUt.Rd:51: Lost braces; missing escapes or markup? 51 | \item{HypervarsEFF}{Hypervariances for the Efftox model. In order, entries are hypervariances for (beta_{0,E},beta_{1,E},beta_{2,E},beta_{0,T},beta_{1,T},psi).} | ^ checkRd: (-1) SimEfftoxUt.Rd:51: Lost braces; missing escapes or markup? 51 | \item{HypervarsEFF}{Hypervariances for the Efftox model. In order, entries are hypervariances for (beta_{0,E},beta_{1,E},beta_{2,E},beta_{0,T},beta_{1,T},psi).} | ^ checkRd: (-1) SimEfftoxUt.Rd:51: Lost braces; missing escapes or markup? 51 | \item{HypervarsEFF}{Hypervariances for the Efftox model. In order, entries are hypervariances for (beta_{0,E},beta_{1,E},beta_{2,E},beta_{0,T},beta_{1,T},psi).} | ^ checkRd: (-1) SimSpsoContour.Rd:37: Lost braces; missing escapes or markup? 37 | \item{Contour}{Contour vector for desirability function. Contains in order: (pi_{1,E},pi_{2,T},pi_{3,E},pi_{4,T}).} | ^ checkRd: (-1) SimSpsoContour.Rd:37: Lost braces; missing escapes or markup? 37 | \item{Contour}{Contour vector for desirability function. Contains in order: (pi_{1,E},pi_{2,T},pi_{3,E},pi_{4,T}).} | ^ checkRd: (-1) SimSpsoContour.Rd:37: Lost braces; missing escapes or markup? 37 | \item{Contour}{Contour vector for desirability function. Contains in order: (pi_{1,E},pi_{2,T},pi_{3,E},pi_{4,T}).} | ^ checkRd: (-1) SimSpsoContour.Rd:37: Lost braces; missing escapes or markup? 37 | \item{Contour}{Contour vector for desirability function. Contains in order: (pi_{1,E},pi_{2,T},pi_{3,E},pi_{4,T}).} | ^ Flavors: r-devel-linux-x86_64-debian-clang, r-devel-linux-x86_64-debian-gcc, r-devel-linux-x86_64-fedora-clang, r-devel-linux-x86_64-fedora-gcc