CRAN Package Check Results for Package Phase123

Last updated on 2021-12-04 22:59:42 CET.

Flavor Version Tinstall Tcheck Ttotal Status Flags
r-devel-linux-x86_64-debian-clang 2.1 46.07 80.20 126.27 NOTE
r-devel-linux-x86_64-debian-gcc 2.1 33.71 61.70 95.41 NOTE
r-devel-linux-x86_64-fedora-clang 2.1 179.06 NOTE
r-devel-linux-x86_64-fedora-gcc 2.1 149.89 NOTE
r-devel-windows-x86_64-new-UL 2.1 59.00 135.00 194.00 NOTE
r-devel-windows-x86_64-new-TK 2.1 NOTE
r-devel-windows-x86_64-old 2.1 57.00 84.00 141.00 NOTE
r-patched-linux-x86_64 2.1 38.15 69.11 107.26 NOTE
r-release-linux-x86_64 2.1 38.97 69.69 108.66 NOTE
r-release-macos-arm64 2.1 NOTE
r-release-macos-x86_64 2.1 NOTE
r-release-windows-ix86+x86_64 2.1 106.00 156.00 262.00 NOTE
r-oldrel-macos-x86_64 2.1 OK
r-oldrel-windows-ix86+x86_64 2.1 106.00 149.00 255.00 OK

Check Details

Version: 2.1
Check: LazyData
Result: NOTE
     'LazyData' is specified without a 'data' directory
Flavors: r-devel-linux-x86_64-debian-clang, r-devel-linux-x86_64-debian-gcc, r-devel-linux-x86_64-fedora-clang, r-devel-linux-x86_64-fedora-gcc, r-devel-windows-x86_64-new-UL, r-devel-windows-x86_64-new-TK, r-devel-windows-x86_64-old, r-patched-linux-x86_64, r-release-linux-x86_64, r-release-macos-arm64, r-release-macos-x86_64, r-release-windows-ix86+x86_64