CRAN Package Check Results for Package PerfMeas

Last updated on 2021-08-05 10:52:03 CEST.

Flavor Version Tinstall Tcheck Ttotal Status Flags
r-devel-linux-x86_64-debian-clang 1.2.1 6.61 53.19 59.80 NOTE
r-devel-linux-x86_64-debian-gcc 1.2.1 4.65 41.14 45.79 NOTE
r-devel-linux-x86_64-fedora-clang 1.2.1 79.07 NOTE
r-devel-linux-x86_64-fedora-gcc 1.2.1 69.05 NOTE
r-devel-windows-x86_64 1.2.1 10.00 70.00 80.00 NOTE
r-devel-windows-x86_64-gcc10-UCRT 1.2.1 NOTE
r-patched-linux-x86_64 1.2.1 6.11 50.90 57.01 NOTE
r-patched-solaris-x86 1.2.1 102.80 NOTE
r-release-linux-x86_64 1.2.1 5.90 51.06 56.96 NOTE
r-release-macos-arm64 1.2.1 ERROR
r-release-macos-x86_64 1.2.1 NOTE
r-release-windows-ix86+x86_64 1.2.1 12.00 67.00 79.00 NOTE
r-oldrel-macos-x86_64 1.2.1 NOTE
r-oldrel-windows-ix86+x86_64 1.2.1 11.00 87.00 98.00 NOTE

Check Details

Version: 1.2.1
Check: R code for possible problems
Result: NOTE
    performance.curves.plot: no visible global function definition for
     'postscript'
    performance.curves.plot: no visible global function definition for
     'axis'
    performance.curves.plot: no visible global function definition for
     'lines'
    performance.curves.plot: no visible global function definition for
     'legend'
    performance.curves.plot: no visible global function definition for
     'grid'
    performance.curves.plot: no visible global function definition for
     'dev.off'
    precision.recall.curves.plot: no visible global function definition for
     'postscript'
    precision.recall.curves.plot: no visible global function definition for
     'axis'
    precision.recall.curves.plot: no visible global function definition for
     'lines'
    precision.recall.curves.plot: no visible global function definition for
     'legend'
    precision.recall.curves.plot: no visible global function definition for
     'grid'
    precision.recall.curves.plot: no visible global function definition for
     'dev.off'
    Undefined global functions or variables:
     axis dev.off grid legend lines postscript
    Consider adding
     importFrom("grDevices", "dev.off", "postscript")
     importFrom("graphics", "axis", "grid", "legend", "lines")
    to your NAMESPACE file.
Flavors: r-devel-linux-x86_64-debian-clang, r-devel-linux-x86_64-debian-gcc, r-devel-linux-x86_64-fedora-clang, r-devel-linux-x86_64-fedora-gcc, r-devel-windows-x86_64, r-devel-windows-x86_64-gcc10-UCRT, r-patched-linux-x86_64, r-patched-solaris-x86, r-release-linux-x86_64, r-release-macos-x86_64, r-release-windows-ix86+x86_64, r-oldrel-macos-x86_64, r-oldrel-windows-ix86+x86_64

Version: 1.2.1
Check: compiled code
Result: NOTE
    File ‘PerfMeas/libs/PerfMeas.so’:
     Found no calls to: ‘R_registerRoutines’, ‘R_useDynamicSymbols’
    
    It is good practice to register native routines and to disable symbol
    search.
    
    See ‘Writing portable packages’ in the ‘Writing R Extensions’ manual.
Flavors: r-devel-linux-x86_64-fedora-clang, r-devel-linux-x86_64-fedora-gcc

Version: 1.2.1
Check: package dependencies
Result: ERROR
    Package required but not available: ‘RBGL’
    
    See section ‘The DESCRIPTION file’ in the ‘Writing R Extensions’
    manual.
Flavor: r-release-macos-arm64