CRAN Package Check Results for Package PerMallows

Last updated on 2022-08-14 11:53:07 CEST.

Flavor Version Tinstall Tcheck Ttotal Status Flags
r-devel-linux-x86_64-debian-clang 1.13 20.22 35.53 55.75 NOTE
r-devel-linux-x86_64-debian-gcc 1.13 15.93 27.81 43.74 NOTE
r-devel-linux-x86_64-fedora-clang 1.13 94.81 NOTE
r-devel-linux-x86_64-fedora-gcc 1.13 82.24 NOTE
r-devel-windows-x86_64 1.13 50.00 80.00 130.00 OK
r-patched-linux-x86_64 1.13 17.09 34.77 51.86 NOTE
r-release-linux-x86_64 1.13 17.18 34.47 51.65 NOTE
r-release-macos-arm64 1.13 26.00 OK
r-release-macos-x86_64 1.13 37.00 OK
r-release-windows-x86_64 1.13 56.00 88.00 144.00 OK
r-oldrel-macos-arm64 1.13 34.00 OK
r-oldrel-macos-x86_64 1.13 49.00 OK
r-oldrel-windows-ix86+x86_64 1.13 54.00 126.00 180.00 OK

Additional issues

rchk

Check Details

Version: 1.13
Check: for non-standard things in the check directory
Result: NOTE
    Found the following files/directories:
     'permus_per_dist_4' 'permus_per_shape_bin_4_0'
     'permus_per_shape_bin_4_1' 'permus_per_shape_bin_4_2'
     'permus_per_shape_bin_4_3'
Flavors: r-devel-linux-x86_64-debian-clang, r-devel-linux-x86_64-debian-gcc, r-devel-linux-x86_64-fedora-clang, r-devel-linux-x86_64-fedora-gcc, r-patched-linux-x86_64, r-release-linux-x86_64