Last updated on 2023-03-29 11:52:23 CEST.
Flavor | Version | Tinstall | Tcheck | Ttotal | Status | Flags |
---|---|---|---|---|---|---|
r-devel-linux-x86_64-debian-clang | 2.4.4 | 19.62 | 38.73 | 58.35 | WARN | |
r-devel-linux-x86_64-debian-gcc | 2.4.4 | 14.21 | 30.36 | 44.57 | WARN | |
r-devel-linux-x86_64-fedora-clang | 2.4.4 | 83.68 | WARN | |||
r-devel-linux-x86_64-fedora-gcc | 2.4.4 | 76.89 | WARN | |||
r-devel-windows-x86_64 | 2.4.4 | 56.00 | 0.00 | 56.00 | NOTE | |
r-patched-linux-x86_64 | 2.4.4 | 16.77 | 38.41 | 55.18 | WARN | |
r-release-linux-x86_64 | 2.4.4 | 15.23 | 37.47 | 52.70 | OK | |
r-release-macos-arm64 | 2.4.4 | 29.00 | OK | |||
r-release-macos-x86_64 | 2.4.4 | 38.00 | OK | |||
r-release-windows-x86_64 | 2.4.4 | 49.00 | 92.00 | 141.00 | OK | |
r-oldrel-macos-arm64 | 2.4.4 | 33.00 | OK | |||
r-oldrel-macos-x86_64 | 2.4.4 | 54.00 | OK | |||
r-oldrel-windows-ix86+x86_64 | 2.4.4 | 51.00 | 91.00 | 142.00 | NOTE |
Version: 2.4.4
Check: whether package can be installed
Result: WARN
Found the following significant warnings:
init.c:13:51: warning: a function declaration without a prototype is deprecated in all versions of C [-Wstrict-prototypes]
See ‘/home/hornik/tmp/R.check/r-devel-clang/Work/PKGS/Peptides.Rcheck/00install.out’ for details.
* used C compiler: ‘Debian clang version 15.0.6’
* used C++ compiler: ‘Debian clang version 15.0.6’
Flavor: r-devel-linux-x86_64-debian-clang
Version: 2.4.4
Check: package subdirectories
Result: NOTE
Problems with news in ‘NEWS.md’:
No news entries found.
Flavors: r-devel-linux-x86_64-debian-clang, r-devel-linux-x86_64-debian-gcc, r-devel-linux-x86_64-fedora-clang, r-devel-linux-x86_64-fedora-gcc, r-devel-windows-x86_64, r-patched-linux-x86_64
Version: 2.4.4
Check: whether package can be installed
Result: WARN
Found the following significant warnings:
init.c:13:1: warning: function declaration isn’t a prototype [-Wstrict-prototypes]
See ‘/home/hornik/tmp/R.check/r-devel-gcc/Work/PKGS/Peptides.Rcheck/00install.out’ for details.
* used C compiler: ‘gcc-12 (Debian 12.2.0-14) 12.2.0’
* used C++ compiler: ‘g++-12 (Debian 12.2.0-14) 12.2.0’
Flavor: r-devel-linux-x86_64-debian-gcc
Version: 2.4.4
Check: whether package can be installed
Result: WARN
Found the following significant warnings:
init.c:13:51: warning: a function declaration without a prototype is deprecated in all versions of C [-Wstrict-prototypes]
See ‘/data/gannet/ripley/R/packages/tests-clang/Peptides.Rcheck/00install.out’ for details.
* used C compiler: ‘clang version 16.0.0’
* used C++ compiler: ‘clang version 16.0.0’
Flavor: r-devel-linux-x86_64-fedora-clang
Version: 2.4.4
Check: whether package can be installed
Result: WARN
Found the following significant warnings:
init.c:13:1: warning: function declaration isn’t a prototype [-Wstrict-prototypes]
See ‘/data/gannet/ripley/R/packages/tests-devel/Peptides.Rcheck/00install.out’ for details.
* used C compiler: ‘gcc (GCC) 12.2.1 20221121 (Red Hat 12.2.1-4)’
* used C++ compiler: ‘g++ (GCC) 12.2.1 20221121 (Red Hat 12.2.1-4)’
Flavor: r-devel-linux-x86_64-fedora-gcc
Version: 2.4.4
Check: whether package can be installed
Result: WARN
Found the following significant warnings:
init.c:13:1: warning: function declaration isn’t a prototype [-Wstrict-prototypes]
See ‘/home/hornik/tmp/R.check/r-patched-gcc/Work/PKGS/Peptides.Rcheck/00install.out’ for details.
* used C compiler: ‘gcc-11 (Debian 11.3.0-12) 11.3.0’
* used C++ compiler: ‘g++-11 (Debian 11.3.0-12) 11.3.0’
Flavor: r-patched-linux-x86_64
Version: 2.4.4
Check: installed package size
Result: NOTE
installed size is 5.5Mb
sub-directories of 1Mb or more:
libs 2.0Mb
xvg-files 3.2Mb
Flavor: r-oldrel-windows-ix86+x86_64