CRAN Package Check Results for Package PepSAVIms

Last updated on 2019-04-22 16:54:16 CEST.

Flavor Version Tinstall Tcheck Ttotal Status Flags
r-devel-linux-x86_64-debian-clang 0.9.1 4.44 58.29 62.73 OK
r-devel-linux-x86_64-debian-gcc 0.9.1 3.89 45.47 49.36 OK
r-devel-linux-x86_64-fedora-clang 0.9.1 74.33 OK
r-devel-linux-x86_64-fedora-gcc 0.9.1 71.35 OK
r-devel-windows-ix86+x86_64 0.9.1 12.00 104.00 116.00 OK
r-patched-linux-x86_64 0.9.1 4.78 57.96 62.74 OK
r-patched-solaris-x86 0.9.1 106.40 OK
r-release-linux-x86_64 0.9.1 3.25 57.85 61.10 OK
r-release-windows-ix86+x86_64 0.9.1 7.00 94.00 101.00 OK
r-release-osx-x86_64 0.9.1 OK
r-oldrel-windows-ix86+x86_64 0.9.1 6.00 112.00 118.00 OK
r-oldrel-osx-x86_64 0.9.1 WARN

Check Details

Version: 0.9.1
Check: re-building of vignette outputs
Result: WARN
    Error in re-building vignettes:
     ...
    Warning: running command 'kpsewhich framed.sty' had status 1
    Warning in test_latex_pkg("framed", system.file("misc", "framed.sty", package = "knitr")) :
     unable to find LaTeX package 'framed'; will use a copy from knitr
    Error in texi2dvi(file = file, pdf = TRUE, clean = clean, quiet = quiet, :
     Running 'texi2dvi' on 'Paper_Analysis.tex' failed.
    LaTeX errors:
    ! LaTeX Error: File `enumitem.sty' not found.
    
    Type X to quit or <RETURN> to proceed,
    or enter new name. (Default extension: sty)
    
    ! Emergency stop.
    <read *>
    
    l.5 \usepackage
     {tikz}^^M
    ! ==> Fatal error occurred, no output PDF file produced!
    Calls: buildVignettes -> texi2pdf -> texi2dvi
    Execution halted
Flavor: r-oldrel-osx-x86_64