CRAN Package Check Results for Package PeakSegDisk

Last updated on 2024-06-22 01:50:51 CEST.

Flavor Version Tinstall Tcheck Ttotal Status Flags
r-devel-linux-x86_64-debian-clang 2023.11.27 8.35 126.75 135.10 OK
r-devel-linux-x86_64-debian-gcc 2023.11.27 6.05 97.80 103.85 OK
r-devel-linux-x86_64-fedora-clang 2023.11.27 197.97 OK
r-devel-linux-x86_64-fedora-gcc 2023.11.27 180.72 OK
r-devel-windows-x86_64 2023.11.27 11.00 180.00 191.00 OK
r-patched-linux-x86_64 2023.11.27 7.70 121.36 129.06 OK
r-release-linux-x86_64 2023.11.27 7.45 123.13 130.58 OK
r-release-macos-arm64 2023.11.27 65.00 OK
r-release-macos-x86_64 2023.11.27 115.00 WARN
r-release-windows-x86_64 2023.11.27 10.00 178.00 188.00 OK
r-oldrel-macos-arm64 2023.11.27 84.00 OK
r-oldrel-macos-x86_64 2023.11.27 224.00 OK
r-oldrel-windows-x86_64 2023.11.27 10.00 208.00 218.00 OK

Additional issues

noRemap

Check Details

Version: 2023.11.27
Check: re-building of vignette outputs
Result: WARN Error(s) in re-building vignettes: --- re-building ‘Examples.Rnw’ using knitr Error: processing vignette 'Examples.Rnw' failed with diagnostics: Running 'texi2dvi' on 'Examples.tex' failed. LaTeX errors: ! Undefined control sequence. l.121 \hldef {sim.seg} \hlkwb{<-} \hlkwa{function}\hldef{(}\hlkwc{seg.mean}\h... ? ! Emergency stop. l.121 End of file on the terminal! ! ==> Fatal error occurred, no output PDF file produced! --- failed re-building ‘Examples.Rnw’ --- re-building ‘Spatial_correlation.Rmd’ using knitr --- finished re-building ‘Spatial_correlation.Rmd’ --- re-building ‘Worst_case.Rmd’ using knitr --- finished re-building ‘Worst_case.Rmd’ SUMMARY: processing the following file failed: ‘Examples.Rnw’ Error: Vignette re-building failed. Execution halted Flavor: r-release-macos-x86_64