CRAN Package Check Results for Package ParamHelpers

Last updated on 2022-07-02 01:49:02 CEST.

Flavor Version Tinstall Tcheck Ttotal Status Flags
r-devel-linux-x86_64-debian-clang 1.14 10.30 83.26 93.56 NOTE
r-devel-linux-x86_64-debian-gcc 1.14 7.22 61.39 68.61 NOTE
r-devel-linux-x86_64-fedora-clang 1.14 116.07 NOTE
r-devel-linux-x86_64-fedora-gcc 1.14 114.15 NOTE
r-devel-windows-x86_64 1.14 212.00 109.00 321.00 NOTE
r-patched-linux-x86_64 1.14 10.91 78.55 89.46 NOTE
r-release-linux-x86_64 1.14 6.74 76.52 83.26 NOTE
r-release-macos-arm64 1.14 33.00 NOTE
r-release-macos-x86_64 1.14 44.00 NOTE
r-release-windows-x86_64 1.14 157.00 108.00 265.00 NOTE
r-oldrel-macos-arm64 1.14 38.00 NOTE
r-oldrel-macos-x86_64 1.14 62.00 NOTE
r-oldrel-windows-ix86+x86_64 1.14 17.00 143.00 160.00 NOTE

Check Details

Version: 1.14
Check: LazyData
Result: NOTE
     'LazyData' is specified without a 'data' directory
Flavors: r-devel-linux-x86_64-debian-clang, r-devel-linux-x86_64-debian-gcc, r-devel-linux-x86_64-fedora-clang, r-devel-linux-x86_64-fedora-gcc, r-devel-windows-x86_64, r-patched-linux-x86_64, r-release-linux-x86_64, r-release-macos-arm64, r-release-macos-x86_64, r-release-windows-x86_64, r-oldrel-macos-arm64, r-oldrel-macos-x86_64, r-oldrel-windows-ix86+x86_64