CRAN Package Check Results for Package ParBayesianOptimization

Last updated on 2020-02-26 10:48:26 CET.

Flavor Version Tinstall Tcheck Ttotal Status Flags
r-devel-linux-x86_64-debian-clang 1.1.0 7.32 184.77 192.09 OK
r-devel-linux-x86_64-debian-gcc 1.1.0 5.55 137.31 142.86 OK
r-devel-linux-x86_64-fedora-clang 1.1.0 207.54 NOTE
r-devel-linux-x86_64-fedora-gcc 1.1.0 170.79 NOTE
r-devel-windows-ix86+x86_64 1.0.0 17.00 351.00 368.00 OK
r-devel-windows-ix86+x86_64-gcc8 1.0.0 19.00 362.00 381.00 OK
r-patched-linux-x86_64 1.0.0 6.30 393.65 399.95 OK
r-patched-solaris-x86 1.0.0 428.80 WARN
r-release-linux-x86_64 1.1.0 5.99 124.82 130.81 OK
r-release-windows-ix86+x86_64 1.0.0 15.00 334.00 349.00 OK
r-release-osx-x86_64 1.1.0 NOTE
r-oldrel-windows-ix86+x86_64 1.1.0 8.00 111.00 119.00 OK
r-oldrel-osx-x86_64 1.1.0 NOTE

Check Details

Version: 1.1.0
Check: dependencies in R code
Result: NOTE
    Namespace in Imports field not imported from: ‘plotly’
     All declared Imports should be used.
Flavors: r-devel-linux-x86_64-fedora-clang, r-devel-linux-x86_64-fedora-gcc, r-release-osx-x86_64, r-oldrel-osx-x86_64

Version: 1.0.0
Check: re-building of vignette outputs
Result: WARN
    Error(s) in re-building vignettes:
     ...
    --- re-building ‘functionMaximization.Rmd’ using rmarkdown
    Warning in engine$weave(file, quiet = quiet, encoding = enc) :
     Pandoc (>= 1.12.3) and/or pandoc-citeproc not available. Falling back to R Markdown v1.
    
    Running initial scoring function 3 times in 1 thread(s)... 0.766 seconds
    
    Starting Epoch 1
     1) Fitting Gaussian Process...
     2) Running local optimum search... 3.004 seconds
     3) Running FUN 1 times in 1 thread(s)... 0.27 seconds
    
    Starting Epoch 2
     1) Fitting Gaussian Process...
     2) Running local optimum search... 1.487 seconds
     3) Running FUN 1 times in 1 thread(s)... 0.299 seconds
    Warning in sink() : no sink to remove
    Warning in sink() : no sink to remove
    --- finished re-building ‘functionMaximization.Rmd’
    
    --- re-building ‘multiPointSampling.Rmd’ using rmarkdown
    Warning in engine$weave(file, quiet = quiet, encoding = enc) :
     Pandoc (>= 1.12.3) and/or pandoc-citeproc not available. Falling back to R Markdown v1.
    --- finished re-building ‘multiPointSampling.Rmd’
    
    --- re-building ‘tuningHyperparameters.Rmd’ using rmarkdown
    Warning in engine$weave(file, quiet = quiet, encoding = enc) :
     Pandoc (>= 1.12.3) and/or pandoc-citeproc not available. Falling back to R Markdown v1.
    
    Running initial scoring function 4 times in 1 thread(s)...Error: segfault from C stack overflow
    Warning in sink() : no sink to remove
    Execution halted
    SUMMARY: processing the following file failed:
     ‘tuningHyperparameters.Rmd’
    
    Error: Vignette re-building failed.
    Execution halted
Flavor: r-patched-solaris-x86