CRAN Package Check Results for Package ParBayesianOptimization

Last updated on 2019-09-21 17:46:56 CEST.

Flavor Version Tinstall Tcheck Ttotal Status Flags
r-devel-linux-x86_64-debian-clang 0.1.2 3.14 164.05 167.19 OK
r-devel-linux-x86_64-debian-gcc 0.1.2 3.08 106.23 109.31 OK
r-devel-linux-x86_64-fedora-clang 0.1.2 150.14 OK
r-devel-linux-x86_64-fedora-gcc 0.1.2 119.44 OK
r-devel-windows-ix86+x86_64 0.1.2 12.00 173.00 185.00 WARN
r-patched-linux-x86_64 0.1.2 2.91 108.44 111.35 OK
r-patched-solaris-x86 0.1.2 95.30 WARN
r-release-linux-x86_64 0.1.2 2.50 109.49 111.99 OK
r-release-windows-ix86+x86_64 0.1.2 7.00 129.00 136.00 OK
r-release-osx-x86_64 0.1.2 OK
r-oldrel-windows-ix86+x86_64 0.1.2 4.00 122.00 126.00 OK
r-oldrel-osx-x86_64 0.1.2 OK

Check Details

Version: 0.1.2
Check: re-building of vignette outputs
Result: WARN
    Error(s) in re-building vignettes:
    Warning in file(con, "r") :
     cannot open file 'D:\temp\Rtmpkz8CnL\filebe587d5d5cb2': Permission denied
    Error in file(con, "r") : cannot open the connection
    Calls: <Anonymous> -> readLines -> file
    Execution halted
Flavor: r-devel-windows-ix86+x86_64

Version: 0.1.2
Check: re-building of vignette outputs
Result: WARN
    Error(s) in re-building vignettes:
     ...
    --- re-building ‘advancedFeatures.Rmd’ using rmarkdown
    Warning in engine$weave(file, quiet = quiet, encoding = enc) :
     Pandoc (>= 1.12.3) and/or pandoc-citeproc not available. Falling back to R Markdown v1.
    Loading required package: foreach
    Loading required package: iterators
    Loading required package: parallel
    Quitting from lines 81-95 (advancedFeatures.Rmd)
    Error: processing vignette 'advancedFeatures.Rmd' failed with diagnostics:
    error reading from connection
    --- failed re-building ‘advancedFeatures.Rmd’
    
    --- re-building ‘standardFeatures.Rmd’ using rmarkdown
    Warning in engine$weave(file, quiet = quiet, encoding = enc) :
     Pandoc (>= 1.12.3) and/or pandoc-citeproc not available. Falling back to R Markdown v1.
    Error: segfault from C stack overflow
    Execution halted
    SUMMARY: processing the following files failed:
     ‘advancedFeatures.Rmd’ ‘standardFeatures.Rmd’
    
    Error: Vignette re-building failed.
    Execution halted
Flavor: r-patched-solaris-x86