CRAN Package Check Results for Package PanelCount

Last updated on 2021-12-04 22:59:41 CET.

Flavor Version Tinstall Tcheck Ttotal Status Flags
r-devel-linux-x86_64-debian-clang 1.0.9 28.38 42.98 71.36 OK
r-devel-linux-x86_64-debian-gcc 1.0.9 22.34 34.38 56.72 OK
r-devel-linux-x86_64-fedora-clang 1.0.9 101.92 NOTE
r-devel-linux-x86_64-fedora-gcc 1.0.9 87.71 NOTE
r-devel-windows-x86_64-new-UL 1.0.9 43.00 92.00 135.00 OK
r-devel-windows-x86_64-new-TK 1.0.9 OK
r-devel-windows-x86_64-old 1.0.9 41.00 48.00 89.00 OK
r-patched-linux-x86_64 1.0.9 28.47 34.04 62.51 OK
r-release-linux-x86_64 1.0.9 26.15 33.66 59.81 OK
r-release-macos-arm64 1.0.9 OK
r-release-macos-x86_64 1.0.9 OK
r-release-windows-ix86+x86_64 1.0.9 78.00 78.00 156.00 OK
r-oldrel-macos-x86_64 1.0.9 OK
r-oldrel-windows-ix86+x86_64 1.0.9 78.00 76.00 154.00 OK

Check Details

Version: 1.0.9
Check: compiled code
Result: NOTE
    File ‘PanelCount/libs/PanelCount.so’:
     Found no calls to: ‘R_registerRoutines’, ‘R_useDynamicSymbols’
    
    It is good practice to register native routines and to disable symbol
    search.
    
    See ‘Writing portable packages’ in the ‘Writing R Extensions’ manual.
Flavors: r-devel-linux-x86_64-fedora-clang, r-devel-linux-x86_64-fedora-gcc