CRAN Package Check Results for Package PakPMICS2018mn

Last updated on 2020-07-10 00:48:05 CEST.

Flavor Version Tinstall Tcheck Ttotal Status Flags
r-devel-linux-x86_64-debian-clang 0.1.0 6.21 35.02 41.23 OK
r-devel-linux-x86_64-debian-gcc 0.1.0 5.57 27.85 33.42 OK
r-devel-linux-x86_64-fedora-clang 0.1.0 60.74 NOTE
r-devel-linux-x86_64-fedora-gcc 0.1.0 50.25 NOTE
r-devel-windows-ix86+x86_64 0.1.0 11.00 70.00 81.00 OK
r-patched-linux-x86_64 0.1.0 5.98 34.48 40.46 OK
r-patched-solaris-x86 0.1.0 81.40 NOTE
r-release-linux-x86_64 0.1.0 5.78 33.87 39.65 OK
r-release-osx-x86_64 0.1.0 NOTE
r-release-windows-ix86+x86_64 0.1.0 13.00 64.00 77.00 OK
r-oldrel-osx-x86_64 0.1.0 NOTE
r-oldrel-windows-ix86+x86_64 0.1.0 30.00 46.00 76.00 OK

Check Details

Version: 0.1.0
Check: data for non-ASCII characters
Result: NOTE
     Note: found 4 marked UTF-8 strings
Flavors: r-devel-linux-x86_64-fedora-clang, r-devel-linux-x86_64-fedora-gcc, r-patched-solaris-x86, r-release-osx-x86_64, r-oldrel-osx-x86_64