CRAN Package Check Results for Package PakPMICS2018mn

Last updated on 2019-12-14 05:47:36 CET.

Flavor Version Tinstall Tcheck Ttotal Status Flags
r-devel-linux-x86_64-debian-clang 0.1.0 6.07 31.93 38.00 OK
r-devel-linux-x86_64-debian-gcc 0.1.0 5.30 25.63 30.93 OK
r-devel-linux-x86_64-fedora-clang 0.1.0 48.27 NOTE
r-devel-linux-x86_64-fedora-gcc 0.1.0 48.41 NOTE
r-devel-windows-ix86+x86_64 0.1.0 11.00 43.00 54.00 OK
r-devel-windows-ix86+x86_64-gcc8 0.1.0 11.00 59.00 70.00 OK
r-patched-linux-x86_64 0.1.0 5.66 29.58 35.24 OK
r-patched-solaris-x86 0.1.0 71.90 NOTE
r-release-linux-x86_64 0.1.0 4.99 29.29 34.28 OK
r-release-windows-ix86+x86_64 0.1.0 8.00 42.00 50.00 OK
r-release-osx-x86_64 0.1.0 NOTE
r-oldrel-windows-ix86+x86_64 0.1.0 10.00 40.00 50.00 OK
r-oldrel-osx-x86_64 0.1.0 NOTE

Check Details

Version: 0.1.0
Check: data for non-ASCII characters
Result: NOTE
     Note: found 4 marked UTF-8 strings
Flavors: r-devel-linux-x86_64-fedora-clang, r-devel-linux-x86_64-fedora-gcc, r-patched-solaris-x86, r-release-osx-x86_64, r-oldrel-osx-x86_64