CRAN Package Check Results for Package PakPMICS2018hh

Last updated on 2024-07-24 16:53:55 CEST.

Flavor Version Tinstall Tcheck Ttotal Status Flags
r-devel-linux-x86_64-debian-clang 0.1.0 7.93 49.18 57.11 NOTE
r-devel-linux-x86_64-debian-gcc 0.1.0 7.49 37.44 44.93 NOTE
r-devel-linux-x86_64-fedora-clang 0.1.0 74.76 NOTE
r-devel-linux-x86_64-fedora-gcc 0.1.0 91.06 NOTE
r-devel-windows-x86_64 0.1.0 10.00 58.00 68.00 NOTE
r-patched-linux-x86_64 0.1.0 7.84 48.32 56.16 NOTE
r-release-linux-x86_64 0.1.0 9.13 46.18 55.31 NOTE
r-release-macos-arm64 0.1.0 32.00 NOTE
r-release-macos-x86_64 0.1.0 45.00 NOTE
r-release-windows-x86_64 0.1.0 10.00 57.00 67.00 NOTE
r-oldrel-macos-arm64 0.1.0 34.00 OK
r-oldrel-macos-x86_64 0.1.0 50.00 NOTE
r-oldrel-windows-x86_64 0.1.0 12.00 64.00 76.00 OK

Check Details

Version: 0.1.0
Check: Rd files
Result: NOTE checkRd: (-1) PakPMICS2018hh.Rd:362: Lost braces in \enumerate; meant \describe ? checkRd: (-1) PakPMICS2018hh.Rd:363: Lost braces in \enumerate; meant \describe ? Flavors: r-devel-linux-x86_64-debian-clang, r-devel-linux-x86_64-debian-gcc, r-devel-linux-x86_64-fedora-clang, r-devel-linux-x86_64-fedora-gcc, r-devel-windows-x86_64, r-patched-linux-x86_64, r-release-linux-x86_64, r-release-macos-arm64, r-release-macos-x86_64, r-release-windows-x86_64

Version: 0.1.0
Check: installed package size
Result: NOTE installed size is 5.7Mb sub-directories of 1Mb or more: data 5.1Mb Flavors: r-release-macos-arm64, r-release-macos-x86_64, r-oldrel-macos-x86_64