CRAN Package Check Results for Package PakPMICS2018fs

Last updated on 2024-04-20 05:03:20 CEST.

Flavor Version Tinstall Tcheck Ttotal Status Flags
r-devel-linux-x86_64-debian-clang 0.1.0 7.61 48.61 56.22 NOTE
r-devel-linux-x86_64-debian-gcc 0.1.0 NOTE
r-devel-linux-x86_64-fedora-clang 0.1.0 75.32 NOTE
r-devel-linux-x86_64-fedora-gcc 0.1.0 82.68 NOTE
r-prerel-macos-arm64 0.1.0 32.00 NOTE
r-prerel-windows-x86_64 0.1.0 10.00 58.00 68.00 NOTE
r-patched-linux-x86_64 0.1.0 10.90 47.29 58.19 NOTE
r-release-linux-x86_64 0.1.0 8.47 45.13 53.60 OK
r-release-macos-arm64 0.1.0 34.00 OK
r-release-macos-x86_64 0.1.0 50.00 OK
r-release-windows-x86_64 0.1.0 12.00 59.00 71.00 OK
r-oldrel-macos-arm64 0.1.0 26.00 OK
r-oldrel-windows-x86_64 0.1.0 13.00 65.00 78.00 OK

Check Details

Version: 0.1.0
Check: Rd files
Result: NOTE checkRd: (-1) PakPMICS2018fs.Rd:308: Lost braces in \enumerate; meant \describe ? checkRd: (-1) PakPMICS2018fs.Rd:309: Lost braces in \enumerate; meant \describe ? Flavors: r-devel-linux-x86_64-debian-clang, r-devel-linux-x86_64-debian-gcc, r-devel-linux-x86_64-fedora-clang, r-devel-linux-x86_64-fedora-gcc, r-prerel-macos-arm64, r-prerel-windows-x86_64, r-patched-linux-x86_64