CRAN Package Check Results for Package PakPMICS2018bh

Last updated on 2024-02-26 06:53:01 CET.

Flavor Version Tinstall Tcheck Ttotal Status Flags
r-devel-linux-x86_64-debian-clang 0.1.0 6.26 43.04 49.30 NOTE
r-devel-linux-x86_64-debian-gcc 0.1.0 5.07 31.96 37.03 NOTE
r-devel-linux-x86_64-fedora-clang 0.1.0 65.77 NOTE
r-devel-linux-x86_64-fedora-gcc 0.1.0 76.12 NOTE
r-devel-windows-x86_64 0.1.0 7.00 53.00 60.00 OK
r-patched-linux-x86_64 0.1.0 7.12 41.92 49.04 OK
r-release-linux-x86_64 0.1.0 6.15 41.91 48.06 OK
r-release-macos-arm64 0.1.0 30.00 OK
r-release-macos-x86_64 0.1.0 45.00 OK
r-release-windows-x86_64 0.1.0 9.00 53.00 62.00 OK
r-oldrel-macos-arm64 0.1.0 23.00 OK
r-oldrel-windows-x86_64 0.1.0 9.00 62.00 71.00 OK

Check Details

Version: 0.1.0
Check: Rd files
Result: NOTE checkRd: (-1) PakPMICS2018bh.Rd:88: Lost braces in \enumerate; meant \describe ? checkRd: (-1) PakPMICS2018bh.Rd:89: Lost braces in \enumerate; meant \describe ? Flavors: r-devel-linux-x86_64-debian-clang, r-devel-linux-x86_64-debian-gcc, r-devel-linux-x86_64-fedora-clang, r-devel-linux-x86_64-fedora-gcc