Last updated on 2023-03-29 09:50:56 CEST.
Flavor | Version | Tinstall | Tcheck | Ttotal | Status | Flags |
---|---|---|---|---|---|---|
r-devel-linux-x86_64-debian-clang | 1.0.0 | 4.99 | 61.77 | 66.76 | NOTE | |
r-devel-linux-x86_64-debian-gcc | 1.0.0 | 3.78 | 46.97 | 50.75 | NOTE | |
r-devel-linux-x86_64-fedora-clang | 1.0.0 | 89.83 | NOTE | |||
r-devel-linux-x86_64-fedora-gcc | 1.0.0 | 97.51 | NOTE | |||
r-devel-windows-x86_64 | 1.0.0 | 29.00 | 0.00 | 29.00 | NOTE | |
r-patched-linux-x86_64 | 1.0.0 | 5.45 | 59.71 | 65.16 | NOTE | |
r-release-linux-x86_64 | 1.0.0 | 4.91 | 56.13 | 61.04 | NOTE | |
r-release-macos-arm64 | 1.0.0 | 25.00 | NOTE | |||
r-release-macos-x86_64 | 1.0.0 | 38.00 | NOTE | |||
r-release-windows-x86_64 | 1.0.0 | 28.00 | 84.00 | 112.00 | NOTE | |
r-oldrel-macos-arm64 | 1.0.0 | 30.00 | NOTE | |||
r-oldrel-macos-x86_64 | 1.0.0 | 40.00 | NOTE | |||
r-oldrel-windows-ix86+x86_64 | 1.0.0 | 11.00 | 76.00 | 87.00 | NOTE |
Version: 1.0.0
Check: LazyData
Result: NOTE
'LazyData' is specified without a 'data' directory
Flavors: r-devel-linux-x86_64-debian-clang, r-devel-linux-x86_64-debian-gcc, r-devel-linux-x86_64-fedora-clang, r-devel-linux-x86_64-fedora-gcc, r-devel-windows-x86_64, r-patched-linux-x86_64, r-release-linux-x86_64, r-release-macos-arm64, r-release-macos-x86_64, r-release-windows-x86_64, r-oldrel-macos-arm64, r-oldrel-macos-x86_64, r-oldrel-windows-ix86+x86_64