CRAN Package Check Results for Package PakPMICS2014HH

Last updated on 2023-10-01 16:56:06 CEST.

Flavor Version Tinstall Tcheck Ttotal Status Flags
r-devel-linux-x86_64-debian-clang 0.1.0 4.26 29.72 33.98 OK
r-devel-linux-x86_64-debian-gcc 0.1.0 3.45 22.87 26.32 OK
r-devel-linux-x86_64-fedora-clang 0.1.0 41.38 NOTE
r-devel-linux-x86_64-fedora-gcc 0.1.0 43.33 NOTE
r-devel-windows-x86_64 0.1.0 4.00 46.00 50.00 OK
r-patched-linux-x86_64 0.1.0 3.70 28.50 32.20 OK
r-release-linux-x86_64 0.1.0 4.17 28.92 33.09 OK
r-release-macos-arm64 0.1.0 18.00 OK
r-release-macos-x86_64 0.1.0 26.00 OK
r-release-windows-x86_64 0.1.0 6.00 46.00 52.00 OK
r-oldrel-macos-arm64 0.1.0 19.00 OK
r-oldrel-macos-x86_64 0.1.0 27.00 NOTE
r-oldrel-windows-x86_64 0.1.0 7.00 50.00 57.00 OK

Check Details

Version: 0.1.0
Check: dependencies in R code
Result: NOTE
    Namespace in Imports field not imported from: ‘stats’
     All declared Imports should be used.
Flavors: r-devel-linux-x86_64-fedora-clang, r-devel-linux-x86_64-fedora-gcc, r-oldrel-macos-x86_64