CRAN Package Check Results for Package PakPMICS2014Ch

Last updated on 2023-03-20 13:53:17 CET.

Flavor Version Tinstall Tcheck Ttotal Status Flags
r-devel-linux-x86_64-debian-clang 0.1.0 OK
r-devel-linux-x86_64-debian-gcc 0.1.0 3.79 24.34 28.13 OK
r-devel-linux-x86_64-fedora-clang 0.1.0 47.34 NOTE
r-devel-linux-x86_64-fedora-gcc 0.1.0 46.75 NOTE
r-devel-windows-x86_64 0.1.0 14.00 64.00 78.00 OK
r-patched-linux-x86_64 0.1.0 4.91 33.10 38.01 OK
r-release-linux-x86_64 0.1.0 4.42 32.48 36.90 OK
r-release-macos-arm64 0.1.0 22.00 NOTE
r-release-macos-x86_64 0.1.0 29.00 NOTE
r-release-windows-x86_64 0.1.0 17.00 65.00 82.00 OK
r-oldrel-macos-arm64 0.1.0 24.00 NOTE
r-oldrel-macos-x86_64 0.1.0 37.00 NOTE
r-oldrel-windows-ix86+x86_64 0.1.0 9.00 59.00 68.00 OK

Check Details

Version: 0.1.0
Check: dependencies in R code
Result: NOTE
    Namespace in Imports field not imported from: ‘stats’
     All declared Imports should be used.
Flavors: r-devel-linux-x86_64-fedora-clang, r-devel-linux-x86_64-fedora-gcc, r-release-macos-arm64, r-release-macos-x86_64, r-oldrel-macos-arm64, r-oldrel-macos-x86_64