Last updated on 2023-12-11 21:54:10 CET.
Flavor | Version | Tinstall | Tcheck | Ttotal | Status | Flags |
---|---|---|---|---|---|---|
r-devel-linux-x86_64-debian-clang | 0.1.12 | 11.32 | 115.87 | 127.19 | NOTE | |
r-devel-linux-x86_64-debian-gcc | 0.1.12 | 9.50 | 87.55 | 97.05 | NOTE | |
r-devel-linux-x86_64-fedora-clang | 0.1.12 | 157.82 | NOTE | |||
r-devel-linux-x86_64-fedora-gcc | 0.1.12 | 169.14 | OK | |||
r-devel-windows-x86_64 | 0.1.12 | 12.00 | 106.00 | 118.00 | OK | |
r-patched-linux-x86_64 | 0.1.12 | 11.55 | 109.37 | 120.92 | OK | |
r-release-linux-x86_64 | 0.1.12 | 7.56 | 111.14 | 118.70 | OK | |
r-release-macos-arm64 | 0.1.12 | 59.00 | OK | |||
r-release-macos-x86_64 | 0.1.12 | 110.00 | OK | |||
r-release-windows-x86_64 | 0.1.12 | 15.00 | 126.00 | 141.00 | OK | |
r-oldrel-macos-arm64 | 0.1.12 | 54.00 | OK | |||
r-oldrel-macos-x86_64 | 0.1.12 | 81.00 | OK | |||
r-oldrel-windows-x86_64 | 0.1.12 | 16.00 | 131.00 | 147.00 | OK |
Version: 0.1.12
Check: Rd files
Result: NOTE
checkRd: (-1) Code.Rd:68: Lost braces
68 | ([base]{character})
| ^
checkRd: (-1) printMessage.Rd:10: Lost braces
10 | \item{notPermitted}{([base]{data.frame})}
| ^
checkRd: (-1) printMessage.Rd:12: Lost braces
12 | \item{versionCheck}{([base]{data.frame})}
| ^
Flavors: r-devel-linux-x86_64-debian-clang, r-devel-linux-x86_64-debian-gcc
Version: 0.1.12
Check: Rd cross-references
Result: NOTE
Undeclared packages ‘tidygraph’, ‘htmlwidgets’ in Rd xrefs
Flavor: r-devel-linux-x86_64-fedora-clang