CRAN Package Check Results for Package PWD

Last updated on 2021-12-04 22:59:43 CET.

Flavor Version Tinstall Tcheck Ttotal Status Flags
r-devel-linux-x86_64-debian-clang 1.0 34.03 35.68 69.71 OK
r-devel-linux-x86_64-debian-gcc 1.0 21.90 28.09 49.99 OK
r-devel-linux-x86_64-fedora-clang 1.0 94.66 NOTE
r-devel-linux-x86_64-fedora-gcc 1.0 79.00 NOTE
r-devel-windows-x86_64-new-UL 1.0 41.00 85.00 126.00 OK
r-devel-windows-x86_64-new-TK 1.0 OK
r-devel-windows-x86_64-old 1.0 40.00 42.00 82.00 OK
r-patched-linux-x86_64 1.0 24.89 26.28 51.17 OK
r-release-linux-x86_64 1.0 26.05 25.90 51.95 OK
r-release-macos-arm64 1.0 OK
r-release-macos-x86_64 1.0 OK
r-release-windows-ix86+x86_64 1.0 81.00 72.00 153.00 OK
r-oldrel-macos-x86_64 1.0 OK
r-oldrel-windows-ix86+x86_64 1.0 79.00 68.00 147.00 OK

Check Details

Version: 1.0
Check: compiled code
Result: NOTE
    File ‘PWD/libs/PWD.so’:
     Found no calls to: ‘R_registerRoutines’, ‘R_useDynamicSymbols’
    
    It is good practice to register native routines and to disable symbol
    search.
    
    See ‘Writing portable packages’ in the ‘Writing R Extensions’ manual.
Flavors: r-devel-linux-x86_64-fedora-clang, r-devel-linux-x86_64-fedora-gcc