Last updated on 2023-03-30 04:55:19 CEST.
Flavor | Version | Tinstall | Tcheck | Ttotal | Status | Flags |
---|---|---|---|---|---|---|
r-devel-linux-x86_64-debian-clang | 1.0 | 8.63 | 78.47 | 87.10 | OK | |
r-devel-linux-x86_64-debian-gcc | 1.0 | 7.81 | 60.37 | 68.18 | OK | |
r-devel-linux-x86_64-fedora-clang | 1.0 | 109.59 | NOTE | |||
r-devel-linux-x86_64-fedora-gcc | 1.0 | 116.52 | NOTE | |||
r-devel-windows-x86_64 | 1.0 | 13.00 | 0.00 | 13.00 | OK | |
r-patched-linux-x86_64 | 1.0 | 9.23 | 74.02 | 83.25 | OK | |
r-release-linux-x86_64 | 1.0 | 8.81 | 77.67 | 86.48 | OK | |
r-release-macos-arm64 | 1.0 | 38.00 | NOTE | |||
r-release-macos-x86_64 | 1.0 | 49.00 | NOTE | |||
r-release-windows-x86_64 | 1.0 | 13.00 | 103.00 | 116.00 | OK | |
r-oldrel-macos-arm64 | 1.0 | 36.00 | NOTE | |||
r-oldrel-macos-x86_64 | 1.0 | 51.00 | NOTE | |||
r-oldrel-windows-ix86+x86_64 | 1.0 | 21.00 | 101.00 | 122.00 | OK |
Version: 1.0
Check: dependencies in R code
Result: NOTE
Namespaces in Imports field not imported from:
‘LambertW’ ‘gtools’ ‘mstate’ ‘nlme’
All declared Imports should be used.
Flavors: r-devel-linux-x86_64-fedora-clang, r-devel-linux-x86_64-fedora-gcc, r-release-macos-arm64, r-release-macos-x86_64, r-oldrel-macos-arm64, r-oldrel-macos-x86_64