Last updated on 2022-06-28 22:49:36 CEST.
Flavor | Version | Tinstall | Tcheck | Ttotal | Status | Flags |
---|---|---|---|---|---|---|
r-devel-linux-x86_64-debian-clang | 0.4.0 | 20.98 | 163.33 | 184.31 | OK | |
r-devel-linux-x86_64-debian-gcc | 0.4.0 | 17.66 | 121.87 | 139.53 | OK | |
r-devel-linux-x86_64-fedora-clang | 0.4.0 | 224.95 | OK | |||
r-devel-linux-x86_64-fedora-gcc | 0.4.0 | 225.07 | OK | |||
r-devel-windows-x86_64 | 0.4.0 | 32.00 | 178.00 | 210.00 | OK | |
r-patched-linux-x86_64 | 0.4.0 | 23.56 | 154.75 | 178.31 | OK | |
r-release-linux-x86_64 | 0.4.0 | 24.01 | 153.51 | 177.52 | OK | |
r-release-macos-arm64 | 0.4.0 | 62.00 | OK | |||
r-release-macos-x86_64 | 0.4.0 | 7.00 | ERROR | |||
r-release-windows-x86_64 | 0.4.0 | 33.00 | 178.00 | 211.00 | OK | |
r-oldrel-macos-arm64 | 0.4.0 | 53.00 | OK | |||
r-oldrel-macos-x86_64 | 0.4.0 | 74.00 | OK | |||
r-oldrel-windows-ix86+x86_64 | 0.4.0 | 49.00 | 172.00 | 221.00 | OK |
Version: 0.4.0
Check: package dependencies
Result: ERROR
Packages required but not available: 'kappaSize', 'presize'
See section ‘The DESCRIPTION file’ in the ‘Writing R Extensions’
manual.
Flavor: r-release-macos-x86_64