Last updated on 2023-12-06 16:53:22 CET.
Flavor | Version | Tinstall | Tcheck | Ttotal | Status | Flags |
---|---|---|---|---|---|---|
r-devel-linux-x86_64-debian-clang | 0.66.0 | 23.27 | 302.75 | 326.02 | NOTE | |
r-devel-linux-x86_64-debian-gcc | 0.66.0 | 16.56 | 234.45 | 251.01 | NOTE | |
r-devel-linux-x86_64-fedora-clang | 0.66.0 | 396.07 | NOTE | |||
r-devel-linux-x86_64-fedora-gcc | 0.66.0 | 471.29 | NOTE | |||
r-devel-windows-x86_64 | 0.66.0 | 18.00 | 462.00 | 480.00 | NOTE | |
r-patched-linux-x86_64 | 0.66.0 | 27.45 | 298.32 | 325.77 | OK | |
r-release-linux-x86_64 | 0.66.0 | 20.65 | 300.56 | 321.21 | OK | |
r-release-macos-arm64 | 0.66.0 | 7.00 | ERROR | |||
r-release-macos-x86_64 | 0.66.0 | 167.00 | OK | |||
r-release-windows-x86_64 | 0.66.0 | 25.00 | 663.00 | 688.00 | OK | |
r-oldrel-macos-arm64 | 0.66.0 | 171.00 | OK | |||
r-oldrel-macos-x86_64 | 0.66.0 | 209.00 | OK | |||
r-oldrel-windows-x86_64 | 0.66.0 | 23.00 | 442.00 | 465.00 | OK |
Version: 0.66.0
Check: Rd \usage sections
Result: NOTE
Documented arguments not in \usage in Rd file 'estimateDeltaLOH.PairedPSCBS.Rd':
‘scale’
Documented arguments not in \usage in Rd file 'getLocusData.AbstractCBS.Rd':
‘splitters’
Documented arguments not in \usage in Rd file 'getSegments.AbstractCBS.Rd':
‘simplify’ ‘splitters’
Documented arguments not in \usage in Rd file 'mergeTwoSegments.AbstractCBS.Rd':
‘left’ ‘update’ ‘verbose’
Documented arguments not in \usage in Rd file 'plotTracks.PairedPSCBS.Rd':
‘x’ ‘tracks’ ‘scatter’ ‘calls’ ‘pch’ ‘col’ ‘cex’ ‘changepoints’
‘grid’ ‘quantiles’ ‘xlim’ ‘Clim’ ‘Blim’ ‘xScale’ ‘add’ ‘subplots’
‘verbose’
Documented arguments not in \usage in Rd file 'updateMeansTogether.AbstractCBS.Rd':
‘idxList’ ‘verbose’
Functions with \usage entries need to have the appropriate \alias
entries, and all their arguments documented.
The \usage entries must correspond to syntactically valid R code.
See chapter ‘Writing R documentation files’ in the ‘Writing R
Extensions’ manual.
Flavors: r-devel-linux-x86_64-debian-clang, r-devel-linux-x86_64-debian-gcc, r-devel-linux-x86_64-fedora-clang, r-devel-linux-x86_64-fedora-gcc, r-devel-windows-x86_64
Version: 0.66.0
Check: package dependencies
Result: ERROR
Package required but not available: ‘aroma.light’
See section ‘The DESCRIPTION file’ in the ‘Writing R Extensions’
manual.
Flavor: r-release-macos-arm64