CRAN Package Check Results for Package PRSim

Last updated on 2022-01-27 19:51:09 CET.

Flavor Version Tinstall Tcheck Ttotal Status Flags
r-devel-linux-x86_64-debian-clang 1.3-1 14.24 152.18 166.42 OK
r-devel-linux-x86_64-debian-gcc 1.3-1 10.71 112.19 122.90 OK
r-devel-linux-x86_64-fedora-clang 1.3-1 184.47 OK
r-devel-linux-x86_64-fedora-gcc 1.3-1 183.17 OK
r-devel-windows-x86_64-new-UL 1.3-1 27.00 182.00 209.00 OK
r-devel-windows-x86_64-new-TK 1.3-1 ERROR
r-patched-linux-x86_64 1.3-1 10.32 135.84 146.16 OK
r-release-linux-x86_64 1.3-1 7.65 135.68 143.33 OK
r-release-macos-arm64 1.3-1 OK
r-release-macos-x86_64 1.3-1 OK
r-release-windows-ix86+x86_64 1.3-1 30.00 272.00 302.00 OK
r-oldrel-macos-x86_64 1.3-1 OK
r-oldrel-windows-ix86+x86_64 1.3-1 31.00 269.00 300.00 OK

Check Details

Version: 1.3-1
Check: package dependencies
Result: ERROR
    Package required but not available: 'mev'
    
    See section 'The DESCRIPTION file' in the 'Writing R Extensions'
    manual.
Flavor: r-devel-windows-x86_64-new-TK