Last updated on 2023-12-06 18:52:54 CET.
Flavor | Version | Tinstall | Tcheck | Ttotal | Status | Flags |
---|---|---|---|---|---|---|
r-devel-linux-x86_64-debian-clang | 0.4.5 | 7.21 | 31.56 | 38.77 | OK | |
r-devel-linux-x86_64-debian-gcc | 0.4.5 | 4.90 | 24.82 | 29.72 | OK | |
r-devel-linux-x86_64-fedora-clang | 0.4.5 | 48.78 | OK | |||
r-devel-linux-x86_64-fedora-gcc | 0.4.5 | 59.45 | OK | |||
r-devel-windows-x86_64 | 0.4.5 | 12.00 | 151.00 | 163.00 | NOTE | |
r-patched-linux-x86_64 | 0.4.0 | 3.05 | 25.56 | 28.61 | OK | |
r-release-linux-x86_64 | 0.4.5 | 6.06 | 30.85 | 36.91 | OK | |
r-release-macos-arm64 | 0.4.5 | 48.00 | NOTE | |||
r-release-macos-x86_64 | 0.4.5 | 81.00 | OK | |||
r-release-windows-x86_64 | 0.4.5 | 17.00 | 195.00 | 212.00 | NOTE | |
r-oldrel-macos-arm64 | 0.4.5 | 41.00 | NOTE | |||
r-oldrel-macos-x86_64 | 0.4.0 | 26.00 | OK | |||
r-oldrel-windows-x86_64 | 0.4.5 | 19.00 | 145.00 | 164.00 | NOTE |
Version: 0.4.5
Check: installed package size
Result: NOTE
installed size is 23.5Mb
sub-directories of 1Mb or more:
libs 14.9Mb
proj 8.3Mb
Flavors: r-devel-windows-x86_64, r-release-macos-arm64, r-release-windows-x86_64, r-oldrel-macos-arm64, r-oldrel-windows-x86_64