CRAN Package Check Results for Package PRISMA2020

Last updated on 2022-05-27 19:54:03 CEST.

Flavor Version Tinstall Tcheck Ttotal Status Flags
r-devel-linux-x86_64-debian-clang 0.0.3 3.36 36.48 39.84 OK
r-devel-linux-x86_64-debian-gcc 0.0.3 1.80 27.90 29.70 OK
r-devel-linux-x86_64-fedora-clang 0.0.3 47.31 NOTE
r-devel-linux-x86_64-fedora-gcc 0.0.3 47.43 NOTE
r-devel-windows-x86_64 0.0.3 18.00 56.00 74.00 OK
r-patched-linux-x86_64 0.0.3 2.78 34.29 37.07 OK
r-release-linux-x86_64 0.0.3 2.52 35.22 37.74 OK
r-release-macos-arm64 0.0.3 17.00 NOTE
r-release-macos-x86_64 0.0.3 26.00 NOTE
r-release-windows-x86_64 0.0.3 16.00 55.00 71.00 OK
r-oldrel-macos-arm64 0.0.3 18.00 NOTE
r-oldrel-macos-x86_64 0.0.3 26.00 NOTE
r-oldrel-windows-ix86+x86_64 0.0.3 10.00 47.00 57.00 OK

Check Details

Version: 0.0.3
Check: dependencies in R code
Result: NOTE
    Namespaces in Imports field not imported from:
     ‘DT’ ‘rio’ ‘shiny’ ‘shinyjs’ ‘utils’ ‘webp’
     All declared Imports should be used.
Flavors: r-devel-linux-x86_64-fedora-clang, r-devel-linux-x86_64-fedora-gcc, r-release-macos-arm64, r-release-macos-x86_64, r-oldrel-macos-arm64, r-oldrel-macos-x86_64