CRAN Package Check Results for Package PREPShiny

Last updated on 2024-04-18 17:51:34 CEST.

Flavor Version Tinstall Tcheck Ttotal Status Flags
r-devel-linux-x86_64-debian-clang 0.1.0 2.33 19.90 22.23 NOTE
r-devel-linux-x86_64-debian-gcc 0.1.0 1.80 15.71 17.51 NOTE
r-devel-linux-x86_64-fedora-clang 0.1.0 28.65 NOTE
r-devel-linux-x86_64-fedora-gcc 0.1.0 27.09 NOTE
r-prerel-macos-arm64 0.1.0 14.00 NOTE
r-prerel-windows-x86_64 0.1.0 5.00 37.00 42.00 NOTE
r-patched-linux-x86_64 0.1.0 2.26 19.59 21.85 NOTE
r-release-linux-x86_64 0.1.0 2.08 19.08 21.16 NOTE
r-release-macos-arm64 0.1.0 14.00 NOTE
r-release-macos-x86_64 0.1.0 18.00 NOTE
r-release-windows-x86_64 0.1.0 4.00 37.00 41.00 NOTE
r-oldrel-macos-arm64 0.1.0 14.00 NOTE
r-oldrel-windows-x86_64 0.1.0 4.00 41.00 45.00 NOTE

Check Details

Version: 0.1.0
Check: LazyData
Result: NOTE 'LazyData' is specified without a 'data' directory Flavors: r-devel-linux-x86_64-debian-clang, r-devel-linux-x86_64-debian-gcc, r-devel-linux-x86_64-fedora-clang, r-devel-linux-x86_64-fedora-gcc, r-prerel-macos-arm64, r-prerel-windows-x86_64, r-patched-linux-x86_64, r-release-linux-x86_64, r-release-macos-arm64, r-release-macos-x86_64, r-release-windows-x86_64, r-oldrel-macos-arm64, r-oldrel-windows-x86_64

Version: 0.1.0
Check: dependencies in R code
Result: NOTE Namespaces in Imports field not imported from: ‘datasets’ ‘dplyr’ ‘psycho’ ‘shiny’ All declared Imports should be used. Flavors: r-devel-linux-x86_64-fedora-clang, r-devel-linux-x86_64-fedora-gcc, r-oldrel-macos-arm64