CRAN Package Check Results for Package PPtreeViz

Last updated on 2019-09-20 15:47:10 CEST.

Flavor Version Tinstall Tcheck Ttotal Status Flags
r-devel-linux-x86_64-debian-clang 2.0.3 29.87 74.12 103.99 OK
r-devel-linux-x86_64-debian-gcc 2.0.3 28.05 57.70 85.75 OK
r-devel-linux-x86_64-fedora-clang 2.0.3 139.62 NOTE
r-devel-linux-x86_64-fedora-gcc 2.0.3 138.52 NOTE
r-devel-windows-ix86+x86_64 2.0.3 91.00 176.00 267.00 OK
r-patched-linux-x86_64 2.0.3 29.66 70.77 100.43 OK
r-patched-solaris-x86 2.0.3 174.30 NOTE
r-release-linux-x86_64 2.0.3 34.27 71.23 105.50 OK
r-release-windows-ix86+x86_64 2.0.3 57.00 117.00 174.00 OK
r-release-osx-x86_64 2.0.3 NOTE
r-oldrel-windows-ix86+x86_64 2.0.3 47.00 120.00 167.00 OK
r-oldrel-osx-x86_64 2.0.3 NOTE

Check Details

Version: 2.0.3
Check: dependencies in R code
Result: NOTE
    Namespace in Imports field not imported from: ‘Rcpp’
     All declared Imports should be used.
Flavors: r-devel-linux-x86_64-fedora-clang, r-devel-linux-x86_64-fedora-gcc, r-patched-solaris-x86, r-release-osx-x86_64, r-oldrel-osx-x86_64