CRAN Package Check Results for Package PPMR

Last updated on 2021-12-04 22:59:43 CET.

Flavor Version Tinstall Tcheck Ttotal Status Flags
r-devel-linux-x86_64-debian-clang 1.0 56.05 33.88 89.93 OK
r-devel-linux-x86_64-debian-gcc 1.0 43.81 26.67 70.48 OK
r-devel-linux-x86_64-fedora-clang 1.0 135.80 OK
r-devel-linux-x86_64-fedora-gcc 1.0 115.72 OK
r-devel-windows-x86_64-new-UL 1.0 71.00 87.00 158.00 OK
r-devel-windows-x86_64-new-TK 1.0 OK
r-devel-windows-x86_64-old 1.0 70.00 43.00 113.00 OK
r-patched-linux-x86_64 1.0 49.76 24.43 74.19 OK
r-release-linux-x86_64 1.0 48.78 24.67 73.45 OK
r-release-macos-arm64 1.0 NOTE
r-release-macos-x86_64 1.0 OK
r-release-windows-ix86+x86_64 1.0 141.00 72.00 213.00 OK
r-oldrel-macos-x86_64 1.0 OK
r-oldrel-windows-ix86+x86_64 1.0 140.00 68.00 208.00 OK

Check Details

Version: 1.0
Check: installed package size
Result: NOTE
     installed size is 5.4Mb
     sub-directories of 1Mb or more:
     libs 5.2Mb
Flavor: r-release-macos-arm64