CRAN Package Check Results for Package POSetR

Last updated on 2022-06-26 07:53:49 CEST.

Flavor Version Tinstall Tcheck Ttotal Status Flags
r-devel-linux-x86_64-debian-clang 1.1.0 231.33 39.17 270.50 OK
r-devel-linux-x86_64-debian-gcc 1.1.0 177.68 30.23 207.91 OK
r-devel-linux-x86_64-fedora-clang 1.1.0 387.65 NOTE
r-devel-linux-x86_64-fedora-gcc 1.1.0 360.50 NOTE
r-devel-windows-x86_64 1.1.0 178.00 92.00 270.00 OK
r-patched-linux-x86_64 1.1.0 191.66 39.19 230.85 OK
r-release-linux-x86_64 1.1.0 192.16 39.13 231.29 OK
r-release-macos-arm64 1.1.0 111.00 NOTE
r-release-macos-x86_64 1.1.0 106.00 NOTE
r-release-windows-x86_64 1.1.0 178.00 91.00 269.00 OK
r-oldrel-macos-arm64 1.1.0 105.00 NOTE
r-oldrel-macos-x86_64 1.1.0 105.00 NOTE
r-oldrel-windows-ix86+x86_64 1.1.0 532.00 96.00 628.00 OK

Check Details

Version: 1.1.0
Check: installed package size
Result: NOTE
     installed size is 8.7Mb
     sub-directories of 1Mb or more:
     libs 8.5Mb
Flavors: r-devel-linux-x86_64-fedora-clang, r-release-macos-arm64, r-release-macos-x86_64, r-oldrel-macos-arm64, r-oldrel-macos-x86_64

Version: 1.1.0
Check: dependencies in R code
Result: NOTE
    Namespace in Imports field not imported from: ‘Rdpack’
     All declared Imports should be used.
Flavors: r-devel-linux-x86_64-fedora-clang, r-devel-linux-x86_64-fedora-gcc, r-release-macos-arm64, r-release-macos-x86_64, r-oldrel-macos-arm64, r-oldrel-macos-x86_64