Last updated on 2023-03-30 17:52:38 CEST.
Flavor | Version | Tinstall | Tcheck | Ttotal | Status | Flags |
---|---|---|---|---|---|---|
r-devel-linux-x86_64-debian-clang | 0.6.3 | 4.94 | 43.39 | 48.33 | OK | |
r-devel-linux-x86_64-debian-gcc | 0.6.3 | 3.45 | 32.34 | 35.79 | OK | |
r-devel-linux-x86_64-fedora-clang | 0.6.3 | 60.14 | OK | |||
r-devel-linux-x86_64-fedora-gcc | 0.6.3 | 59.49 | OK | |||
r-devel-windows-x86_64 | 0.6.3 | 13.00 | 0.00 | 13.00 | OK | |
r-patched-linux-x86_64 | 0.6.3 | 4.88 | 41.20 | 46.08 | OK | |
r-release-linux-x86_64 | 0.6.3 | 3.67 | 43.95 | 47.62 | OK | |
r-release-macos-arm64 | 0.6.3 | 25.00 | OK | |||
r-release-macos-x86_64 | 0.6.3 | 35.00 | OK | |||
r-release-windows-x86_64 | 0.6.3 | 15.00 | 80.00 | 95.00 | OK | |
r-oldrel-macos-arm64 | 0.6.3 | 26.00 | OK | |||
r-oldrel-macos-x86_64 | 0.6.3 | 42.00 | OK | |||
r-oldrel-windows-ix86+x86_64 | 0.6.3 | 8.00 | 81.00 | 89.00 | WARN |
Version: 0.6.3
Check: for unstated dependencies in ‘tests’
Result: WARN
Warning: unable to access index for repository https://bioconductor.org/packages/3.14/bioc/src/contrib:
cannot open URL 'https://bioconductor.org/packages/3.14/bioc/src/contrib/PACKAGES'
Warning: unable to access index for repository https://bioconductor.org/packages/3.14/data/annotation/src/contrib:
cannot open URL 'https://bioconductor.org/packages/3.14/data/annotation/src/contrib/PACKAGES'
Warning: unable to access index for repository https://bioconductor.org/packages/3.14/data/experiment/src/contrib:
cannot open URL 'https://bioconductor.org/packages/3.14/data/experiment/src/contrib/PACKAGES'
Flavor: r-oldrel-windows-ix86+x86_64